{"id":22388,"date":"2019-03-06T10:33:46","date_gmt":"2019-03-06T15:33:46","guid":{"rendered":"https:\/\/cortesuprema.gov.co\/corte\/?page_id=22388"},"modified":"2024-06-19T14:22:18","modified_gmt":"2024-06-19T19:22:18","slug":"sala-plena-2019","status":"publish","type":"page","link":"https:\/\/cortesuprema.gov.co\/corte\/index.php\/sala-plena-2019\/","title":{"rendered":"Sala Plena"},"content":{"rendered":"<h2 style=\"text-align: center;\"><strong>SALA PLENA\u00a0<\/strong><\/h2>\n<p style=\"text-align: center;\">Estados \u00a0 &#8211; \u00a0 Edictos \u00a0 &#8211;\u00a0 \u00a0\u00d3rdenes del d\u00eda\u00a0 \u00a0&#8211; \u00a0 Fijaci\u00f3n en lista<\/p>\n<div class=\"su-spoiler su-spoiler-style-default su-spoiler-icon-plus-square-1 su-spoiler-closed\" data-scroll-offset=\"0\" data-anchor-in-url=\"no\"><div class=\"su-spoiler-title\" tabindex=\"0\" role=\"button\"><span class=\"su-spoiler-icon\"><\/span>Estados<\/div><div class=\"su-spoiler-content su-u-clearfix su-u-trim\">\n[spiderpowa-pdf src=\u00bbhttps:\/\/www.cortesuprema.gov.co\/corte\/wp-content\/uploads\/not\/plena23\/estado02plena28092023.pdf\u00bb]\n<p><a href=\"https:\/\/www.cortesuprema.gov.co\/corte\/wp-content\/uploads\/not\/plena23\/estado02plena28092023.pdf\" target=\"_blank\" rel=\"noopener noreferrer\">Descargue aqu\u00ed el Estado 002<\/a>&#8211; <a href=\"https:\/\/cortesuprema.gov.co\/corte\/wp-content\/uploads\/not\/plena23\/AutoRad11001023000020230004400.pdf\" target=\"_blank\" rel=\"noopener noreferrer\">Ver Providencia<\/a><\/p>\n<hr \/>\n<p>2023<\/p>\n<p><a href=\"https:\/\/www.cortesuprema.gov.co\/corte\/wp-content\/uploads\/not\/plena23\/estado02plena28092023.pdf\" target=\"_blank\" rel=\"noopener noreferrer\">Descargue aqu\u00ed el Estado 002<\/a>&#8211; <a href=\"https:\/\/cortesuprema.gov.co\/corte\/wp-content\/uploads\/not\/plena23\/AutoRad11001023000020230004400.pdf\" target=\"_blank\" rel=\"noopener noreferrer\">Ver Providencia<\/a><br \/>\n<a href=\"https:\/\/www.cortesuprema.gov.co\/corte\/wp-content\/uploads\/not\/plena23\/ESTADOSECGEN25012023.pdf\" target=\"_blank\" rel=\"noopener noreferrer\">Descargue aqu\u00ed el Estado 001<\/a>&#8211; <a href=\"https:\/\/cortesuprema.gov.co\/corte\/wp-content\/uploads\/not\/plena23\/11001023000020220124900AutoRetiroDemanda.pdf\" target=\"_blank\" rel=\"noopener noreferrer\">Ver Providencia<\/a><\/p>\n<p>2020<\/p>\n<p><a href=\"https:\/\/cortesuprema.gov.co\/corte\/wp-content\/uploads\/not\/plena20\/ESTADO2019000052000NULIDADELECTORAL.pdf\" target=\"_blank\" rel=\"noopener noreferrer\">Descargue aqu\u00ed el Estado 001<\/a>&#8211; <a href=\"https:\/\/cortesuprema.gov.co\/corte\/wp-content\/uploads\/not\/plena20\/11001023000020190052000ADTIVOPL.pdf\" target=\"_blank\" rel=\"noopener noreferrer\">Ver Providencia<\/a><\/p>\n<p>2019<\/p>\n<p><a href=\"https:\/\/cortesuprema.gov.co\/corte\/wp-content\/uploads\/not\/plena19\/ESTADO 005 TRASLADO.pdf\" target=\"_blank\" rel=\"noopener noreferrer\">Descargue aqu\u00ed el Estado 005<\/a>&#8211; <a href=\"https:\/\/cortesuprema.gov.co\/corte\/wp-content\/uploads\/not\/plena19\/AUTO 201900415 CORRE TRASLADO 300919.pdf\" target=\"_blank\" rel=\"noopener noreferrer\">Ver Auto<\/a><br \/>\n<a href=\"https:\/\/cortesuprema.gov.co\/corte\/wp-content\/uploads\/not\/plena19\/aviso18062019.pdf\" target=\"_blank\" rel=\"noopener noreferrer\">Descargue aqu\u00ed el Aviso del 18 de junio de 2019<\/a><br \/>\n<a href=\"https:\/\/cortesuprema.gov.co\/corte\/wp-content\/uploads\/not\/plena19\/Estado No 004.pdf\" target=\"_blank\" rel=\"noopener noreferrer\">Descargue aqu\u00ed el Estado 004<\/a>\u00a0&#8211; <a href=\"https:\/\/cortesuprema.gov.co\/corte\/wp-content\/uploads\/not\/plena19\/Nulidad 2017 00238-Tejeiro Duque Auto.pdf\" target=\"_blank\" rel=\"noopener noreferrer\">Ver Auto<\/a><br \/>\n<a href=\"https:\/\/cortesuprema.gov.co\/corte\/wp-content\/uploads\/not\/plena19\/https:\/\/cortesuprema.gov.co\/corte\/wp-content\/uploads\/not\/plena19\/Estado No003.pdf\" target=\"_blank\" rel=\"noopener noreferrer\">Descargue aqu\u00ed el Estado 003<\/a>\u00a0&#8211; <a href=\"https:\/\/cortesuprema.gov.co\/corte\/wp-content\/uploads\/not\/plena19\/Suplica 2016 0054 Quiroz Aleman.pdf\" target=\"_blank\" rel=\"noopener noreferrer\">Ver Auto<\/a><br \/>\n<a href=\"https:\/\/cortesuprema.gov.co\/corte\/wp-content\/uploads\/not\/plena19\/https:\/\/cortesuprema.gov.co\/corte\/wp-content\/uploads\/not\/plena19\/NOTIFICAESTADO 11001023000020170023800.pdf\" target=\"_blank\" rel=\"noopener noreferrer\">Descargue aqu\u00ed el Estado 002<\/a> &#8211; <a href=\"https:\/\/cortesuprema.gov.co\/corte\/wp-content\/uploads\/not\/plena19\/Nulidad electoral 2017-238.pdf\" target=\"_blank\" rel=\"noopener noreferrer\">Ver Auto<\/a><br \/>\n<a href=\"https:\/\/cortesuprema.gov.co\/corte\/wp-content\/uploads\/not\/plena19\/ESTADO 001 06032019 11001023000020140030000.pdf\" target=\"_blank\" rel=\"noopener noreferrer\">Descargue aqu\u00ed el Estado 001<\/a> &#8211; <a href=\"https:\/\/cortesuprema.gov.co\/corte\/wp-content\/uploads\/not\/plena19\/AUTO201400300Plena.pdf\" target=\"_blank\" rel=\"noopener noreferrer\">Ver Auto<\/a><\/p>\n<\/div><\/div>\n<div class=\"su-spoiler su-spoiler-style-default su-spoiler-icon-plus-square-1 su-spoiler-closed\" data-scroll-offset=\"0\" data-anchor-in-url=\"no\"><div class=\"su-spoiler-title\" tabindex=\"0\" role=\"button\"><span class=\"su-spoiler-icon\"><\/span>\u00d3rdenes del d\u00eda<\/div><div class=\"su-spoiler-content su-u-clearfix su-u-trim\">\n<h2>2023<\/h2>\n<p><a href=\"https:\/\/cortesuprema.gov.co\/corte\/wp-content\/uploads\/not\/plena23\/ORDEN DEL DIA SALA PLENA 28 (12-10-2023).pdf\" target=\"_blank\" rel=\"noopener noreferrer\">Orden del d\u00eda de 12\/10\/2023<\/a><br \/>\n<a href=\"https:\/\/cortesuprema.gov.co\/corte\/wp-content\/uploads\/not\/plena23\/ORDEN DEL DIA SALA PLENA 26 (28-09-2023).pdf\" target=\"_blank\" rel=\"noopener noreferrer\">Orden del d\u00eda de 28\/09\/2023<\/a><br \/>\n<a href=\"https:\/\/cortesuprema.gov.co\/corte\/wp-content\/uploads\/not\/plena23\/ORDEN DEL DIA SALA PLENA 24 (14-09-2023).pdf\" target=\"_blank\" rel=\"noopener noreferrer\">Orden del d\u00eda de 14\/09\/2023<\/a><br \/>\n<a href=\"https:\/\/cortesuprema.gov.co\/corte\/wp-content\/uploads\/not\/plena23\/ORDEN DEL DIA SALA PLENA 23 (31-08-2023).pdf\" target=\"_blank\" rel=\"noopener noreferrer\">Orden del d\u00eda de 31\/08\/2023<\/a><br \/>\n<a href=\"https:\/\/cortesuprema.gov.co\/corte\/wp-content\/uploads\/not\/plena23\/ORDEN DEL DIA SALA PLENA 22 (17-08-2023).pdf\" target=\"_blank\" rel=\"noopener noreferrer\">Orden del d\u00eda de 17\/08\/2023<\/a><br \/>\n<a href=\"https:\/\/cortesuprema.gov.co\/corte\/wp-content\/uploads\/not\/plena23\/ORDEN DEL DIA SALA PLENA 21 (03-08-2023).pdf\" target=\"_blank\" rel=\"noopener noreferrer\">Orden del d\u00eda de 03\/08\/2023<\/a><br \/>\n<a href=\"https:\/\/cortesuprema.gov.co\/corte\/wp-content\/uploads\/not\/plena23\/ORDEN DEL DIA SALA PLENA 20 (27-07-2023).pdf\" target=\"_blank\" rel=\"noopener noreferrer\">Orden del d\u00eda de 27\/07\/2023<\/a><br \/>\n<a href=\"https:\/\/cortesuprema.gov.co\/corte\/wp-content\/uploads\/not\/plena23\/ORDEN DEL DIA SALA PLENA 17 (06-07-2023).pdf\" target=\"_blank\" rel=\"noopener noreferrer\">Orden del d\u00eda de 06\/07\/2023<\/a><br \/>\n<a href=\"https:\/\/cortesuprema.gov.co\/corte\/wp-content\/uploads\/not\/plena23\/ORDEN DEL DIA SALA PLENA 16 (22-06-2023).pdf\" target=\"_blank\" rel=\"noopener noreferrer\">Orden del d\u00eda de 22\/06\/2023<\/a><br \/>\n<a href=\"https:\/\/cortesuprema.gov.co\/corte\/wp-content\/uploads\/not\/plena23\/ORDEN DEL DIA SALA PLENA 14 (08-06-2023).pdf\" target=\"_blank\" rel=\"noopener noreferrer\">Orden del d\u00eda de 08\/06\/2023<\/a><br \/>\n<a href=\"https:\/\/cortesuprema.gov.co\/corte\/wp-content\/uploads\/not\/plena23\/ORDEN DEL DIA SALA PLENA N12 (25-05-2023).pdf\" target=\"_blank\" rel=\"noopener noreferrer\">Orden del d\u00eda de 25\/05\/2023<\/a><br \/>\n<a href=\"https:\/\/cortesuprema.gov.co\/corte\/wp-content\/uploads\/not\/plena23\/ORDEN DEL DIA SALA PLENA 11 (16-05-2023) extra.pdf\" target=\"_blank\" rel=\"noopener noreferrer\">Orden del d\u00eda de 16\/05\/2023<\/a><br \/>\n<a href=\"https:\/\/cortesuprema.gov.co\/corte\/wp-content\/uploads\/not\/plena23\/ORDEN DEL DIA SALA PLENA 10 (11-05-2023).pdf\" target=\"_blank\" rel=\"noopener noreferrer\">Orden del d\u00eda de 11\/05\/2023<\/a><br \/>\n<a href=\"https:\/\/cortesuprema.gov.co\/corte\/wp-content\/uploads\/not\/plena23\/ORDEN DEL DIA SALA PLENA 8(27-04-2023).pdf\" target=\"_blank\" rel=\"noopener noreferrer\">Orden del d\u00eda de 27\/04\/2023<\/a><br \/>\n<a href=\"https:\/\/cortesuprema.gov.co\/corte\/wp-content\/uploads\/not\/plena23\/ORDEN DEL DIA SALA PLENA 7(13-04-2023).pdf\" target=\"_blank\" rel=\"noopener noreferrer\">Orden del d\u00eda de 13\/04\/2023<\/a><br \/>\n<a href=\"https:\/\/cortesuprema.gov.co\/corte\/wp-content\/uploads\/not\/plena23\/ORDEN DEL DIA SALA PLENA6(23-03-2023).pdf\" target=\"_blank\" rel=\"noopener noreferrer\">Orden del d\u00eda de 23\/03\/2023<\/a><br \/>\n<a href=\"https:\/\/cortesuprema.gov.co\/corte\/wp-content\/uploads\/not\/plena23\/ORDEN DEL DIA SALA PLENA5(09-03-2023).pdf\" target=\"_blank\" rel=\"noopener noreferrer\">Orden del d\u00eda de 09\/03\/2023<\/a><br \/>\n<a href=\"https:\/\/cortesuprema.gov.co\/corte\/wp-content\/uploads\/not\/plena23\/ORDEN DEL DIA SALA PLENA3(23-02-2023).pdf\" target=\"_blank\" rel=\"noopener noreferrer\">Orden del d\u00eda de 23\/02\/2023<\/a><br \/>\n<a href=\"https:\/\/cortesuprema.gov.co\/corte\/wp-content\/uploads\/not\/plena23\/ORDEN DEL DIA SALA PLENA (09-02-2023).pdf\" target=\"_blank\" rel=\"noopener noreferrer\">Orden del d\u00eda de 09\/02\/2023<\/a><br \/>\n<a href=\"https:\/\/cortesuprema.gov.co\/corte\/wp-content\/uploads\/not\/plena23\/ORDEN DEL DIA SALA 1(26-01-2023).pdf\" target=\"_blank\" rel=\"noopener noreferrer\">Orden del d\u00eda de 26\/01\/2023<\/a><\/p>\n<h2><\/h2>\n<h2>2022<\/h2>\n<p><a href=\"https:\/\/cortesuprema.gov.co\/corte\/wp-content\/uploads\/not\/plena19\/ORDEN DEL DIA SALA PLENA 29 (01-12-2022).pdf\" target=\"_blank\" rel=\"noopener noreferrer\">Orden del d\u00eda de 01\/12\/2022<\/a><br \/>\n<a href=\"https:\/\/cortesuprema.gov.co\/corte\/wp-content\/uploads\/not\/plena19\/ORDEN DEL DIA SALA PLENA 28 (22-24-25-11-2022).pdf\" target=\"_blank\" rel=\"noopener noreferrer\">Orden del d\u00eda de 22,24,25\/11\/2022<\/a><br \/>\n<a href=\"https:\/\/cortesuprema.gov.co\/corte\/wp-content\/uploads\/not\/plena19\/ORDEN DEL DIA SALA PLENA 27 (17 -11-2022).pdf\" target=\"_blank\" rel=\"noopener noreferrer\">Orden del d\u00eda de 17\/11\/2022<\/a><br \/>\n<a href=\"https:\/\/cortesuprema.gov.co\/corte\/wp-content\/uploads\/not\/plena19\/ORDEN DEL DIA SALA PLENA 26 (03 -11-2022).pdf\" target=\"_blank\" rel=\"noopener noreferrer\">Orden del d\u00eda de 03\/11\/2022<\/a><br \/>\n<a href=\"https:\/\/cortesuprema.gov.co\/corte\/wp-content\/uploads\/not\/plena19\/ORDEN DEL DIA SALA PLENA 25 (20 -10-2022).pdf\" target=\"_blank\" rel=\"noopener noreferrer\">Orden del d\u00eda de 20\/10\/2022<\/a><br \/>\n<a href=\"https:\/\/cortesuprema.gov.co\/corte\/wp-content\/uploads\/not\/plena19\/ORDEN DEL DIA SALA PLENA 24 (06-10-2022).pdf\" target=\"_blank\" rel=\"noopener noreferrer\">Orden del d\u00eda de 06\/10\/2022<\/a><br \/>\n<a href=\"https:\/\/cortesuprema.gov.co\/corte\/wp-content\/uploads\/not\/plena19\/ORDEN DEL DIA SALA PLENA 23(20-09-2022).pdf\" target=\"_blank\" rel=\"noopener noreferrer\">Orden del d\u00eda de 20\/09\/2022<\/a><br \/>\n<a href=\"https:\/\/cortesuprema.gov.co\/corte\/wp-content\/uploads\/not\/plena19\/ORDEN DEL DIA SALA PLENA 22(15-09-2022).pdf\" target=\"_blank\" rel=\"noopener noreferrer\">Orden del d\u00eda de 15\/09\/2022<\/a><br \/>\n<a href=\"https:\/\/cortesuprema.gov.co\/corte\/wp-content\/uploads\/not\/plena19\/ORDEN DEL DIA SALA PLENA 21(08-09-2022).pdf\" target=\"_blank\" rel=\"noopener noreferrer\">Orden del d\u00eda de 08\/09\/2022<\/a><br \/>\n<a href=\"https:\/\/cortesuprema.gov.co\/corte\/wp-content\/uploads\/not\/plena19\/ORDEN DEL DIA SALA PLENA 20 (12-08-2022).pdf\" target=\"_blank\" rel=\"noopener noreferrer\">Orden del d\u00eda de 25\/08\/2022<\/a><br \/>\n<a href=\"https:\/\/cortesuprema.gov.co\/corte\/wp-content\/uploads\/not\/plena19\/ORDEN DEL DIA SALA PLENA 19 (12-08-2022).pdf\" target=\"_blank\" rel=\"noopener noreferrer\">Orden del d\u00eda de 12\/08\/2022<\/a><br \/>\n<a href=\"https:\/\/cortesuprema.gov.co\/corte\/wp-content\/uploads\/not\/plena19\/ORDEN DEL DIA SALA PLENA 18 (11-08-2022).pdf\" target=\"_blank\" rel=\"noopener noreferrer\">Orden del d\u00eda de 11\/08\/2022<\/a><br \/>\n<a href=\"https:\/\/cortesuprema.gov.co\/corte\/wp-content\/uploads\/not\/plena19\/ORDEN DEL DIA SALA PLENA 17 (28-07-2022).pdf\" target=\"_blank\" rel=\"noopener noreferrer\">Orden del d\u00eda de 28\/07\/2022<\/a><br \/>\n<a href=\"https:\/\/cortesuprema.gov.co\/corte\/wp-content\/uploads\/not\/plena19\/ORDEN DEL DIA SALA PLENA 16 (14-07-2022).pdf\" target=\"_blank\" rel=\"noopener noreferrer\">Orden del d\u00eda de 14\/07\/2022<\/a><br \/>\n<a href=\"https:\/\/cortesuprema.gov.co\/corte\/wp-content\/uploads\/not\/plena19\/ORDEN DEL DIA SALA PLENA 14 (30-06-2022).pdf\" target=\"_blank\" rel=\"noopener noreferrer\">Orden del d\u00eda de 30\/06\/2022<\/a><br \/>\n<a href=\"https:\/\/cortesuprema.gov.co\/corte\/wp-content\/uploads\/not\/plena19\/ORDEN DEL DIA SALA PLENA 13 (16-06-2022).pdf\" target=\"_blank\" rel=\"noopener noreferrer\">Orden del d\u00eda de 16\/06\/2022<\/a><br \/>\n<a href=\"https:\/\/cortesuprema.gov.co\/corte\/wp-content\/uploads\/not\/plena19\/ORDEN DEL DIA SALA PLENA 12 (02-06-2022).pdf\" target=\"_blank\" rel=\"noopener noreferrer\">Orden del d\u00eda de 02\/06\/2022<\/a><br \/>\n<a href=\"https:\/\/cortesuprema.gov.co\/corte\/wp-content\/uploads\/not\/plena19\/ORDEN DEL DIA SALA PLENA 11 (19-05-2022).pdf\" target=\"_blank\" rel=\"noopener noreferrer\">Orden del d\u00eda de 19\/05\/2022<\/a><br \/>\n<a href=\"https:\/\/cortesuprema.gov.co\/corte\/wp-content\/uploads\/not\/plena19\/ORDEN DEL DIA SALA PLENA 9 (05-05-2022).pdf\" target=\"_blank\" rel=\"noopener noreferrer\">Orden del d\u00eda de 05\/05\/2022<\/a><br \/>\n<a href=\"https:\/\/cortesuprema.gov.co\/corte\/wp-content\/uploads\/not\/plena19\/ORDEN DEL DIA SALA PLENA 8 (21-04-2022).pdf\" target=\"_blank\" rel=\"noopener noreferrer\">Orden del d\u00eda de 20\/04\/2022<\/a><br \/>\n<a href=\"https:\/\/cortesuprema.gov.co\/corte\/wp-content\/uploads\/not\/plena19\/ORDEN DEL DIA SALA PLENA 7 (31-03-2022).pdf\" target=\"_blank\" rel=\"noopener noreferrer\">Orden del d\u00eda de 31\/03\/2022<\/a><br \/>\n<a href=\"https:\/\/cortesuprema.gov.co\/corte\/wp-content\/uploads\/not\/plena19\/ORDEN DEL DIA SALA PLENA 6 (17-03-2022).pdf\" target=\"_blank\" rel=\"noopener noreferrer\">Orden del d\u00eda de 17\/03\/2022<\/a><br \/>\n<a href=\"https:\/\/cortesuprema.gov.co\/corte\/wp-content\/uploads\/not\/plena19\/ORDEN DEL DIA SALA PLENA 5 (03-03-2022).pdf\" target=\"_blank\" rel=\"noopener noreferrer\">Orden del d\u00eda de 03\/03\/2022<\/a><br \/>\n<a href=\"https:\/\/cortesuprema.gov.co\/corte\/wp-content\/uploads\/not\/plena19\/ORDEN DEL DIA SALA PLENA 4 (17-02-2022).pdf\" target=\"_blank\" rel=\"noopener noreferrer\">Orden del d\u00eda de 17\/02\/2022<\/a><br \/>\n<a href=\"https:\/\/cortesuprema.gov.co\/corte\/wp-content\/uploads\/not\/plena19\/ORDEN DEL DIA SALA PLENA 3 (03-02-2022).pdf\" target=\"_blank\" rel=\"noopener noreferrer\">Orden del d\u00eda de 03\/02\/2022<\/a><br \/>\n<a href=\"https:\/\/cortesuprema.gov.co\/corte\/wp-content\/uploads\/not\/plena19\/ORDEN DEL DIA SALA PLENA 2 (27-01-2022).pdf\" target=\"_blank\" rel=\"noopener noreferrer\">Orden del d\u00eda de 27\/01\/2022<\/a><\/p>\n<hr \/>\n<h2>2021<\/h2>\n<p><a href=\"https:\/\/cortesuprema.gov.co\/corte\/wp-content\/uploads\/not\/plena19\/ORDEN DEL DIA SALA PLENA 28 (02-12-2021).pdf\" target=\"_blank\" rel=\"noopener noreferrer\">Orden del d\u00eda 28 de 02\/12\/2021<\/a><br \/>\n<a href=\"https:\/\/cortesuprema.gov.co\/corte\/wp-content\/uploads\/not\/plena19\/ORDEN DEL DIA SALA PLENA 27 (25-11-2021).pdf\" target=\"_blank\" rel=\"noopener noreferrer\">Orden del d\u00eda 27 de 25\/11\/2021<\/a><br \/>\n<a href=\"https:\/\/cortesuprema.gov.co\/corte\/wp-content\/uploads\/not\/plena19\/ORDEN DEL DIA SALA PLENA 25 (04-11-2021).pdf\" target=\"_blank\" rel=\"noopener noreferrer\">Orden del d\u00eda 25 de 04\/11\/2021<\/a><br \/>\n<a href=\"https:\/\/cortesuprema.gov.co\/corte\/wp-content\/uploads\/not\/plena19\/Orden del dia Sala Plena 24 28102021.pdf\" target=\"_blank\" rel=\"noopener noreferrer\">Orden del d\u00eda 24 de 28\/10\/2021<\/a><br \/>\n<a href=\"https:\/\/cortesuprema.gov.co\/corte\/wp-content\/uploads\/not\/plena19\/ORDEN DEL D\u00cdA SALA PLENA 21 (23-09-2021).pdf\" target=\"_blank\" rel=\"noopener noreferrer\">Orden del d\u00eda 21 de 23\/09\/2021<\/a><br \/>\n<a href=\"https:\/\/cortesuprema.gov.co\/corte\/wp-content\/uploads\/not\/plena19\/ORDEN DEL DIA SALA PLENA20(09-09-2021).pdf\" target=\"_blank\" rel=\"noopener noreferrer\">Orden del d\u00eda 20 de 09\/09\/2021<\/a><br \/>\n<a href=\"https:\/\/cortesuprema.gov.co\/corte\/wp-content\/uploads\/not\/plena19\/ORDEN DEL DIA SALA PLENA 19 (26-08-2021).pdf\" target=\"_blank\" rel=\"noopener noreferrer\">Orden del d\u00eda 19 de 26\/08\/2021<\/a><br \/>\n<a href=\"https:\/\/cortesuprema.gov.co\/corte\/wp-content\/uploads\/not\/plena19\/ORDEN DEL DIA SALA PLENA N17 (12-08-2021).pdf\" target=\"_blank\" rel=\"noopener noreferrer\">Orden del d\u00eda 17 de 12\/08\/2021<\/a><\/p>\n<\/div><\/div>\n<div class=\"su-spoiler su-spoiler-style-default su-spoiler-icon-plus-square-1 su-spoiler-closed\" data-scroll-offset=\"0\" data-anchor-in-url=\"no\"><div class=\"su-spoiler-title\" tabindex=\"0\" role=\"button\"><span class=\"su-spoiler-icon\"><\/span>Avisos<\/div><div class=\"su-spoiler-content su-u-clearfix su-u-trim\">\n<p>15\/05\/2023<\/p>\n<p><a href=\"https:\/\/cortesuprema.gov.co\/corte\/wp-content\/uploads\/not\/plena23\/OSG 2194 AVISO A TERCEROS INTERESADOS.pdf\">Aviso a terceros 11001 03 15 000 2023 02079 00<\/a> &#8211; <a href=\"https:\/\/cortesuprema.gov.co\/corte\/wp-content\/uploads\/not\/plena23\/Anexo 2 OSG 2194 AUTO ADMISORIO 11001031500020230207900_8_110010315000202302079001AUTOQUEADMITE20230507184113_TAListprocesoAdj133282863282238730.pdf\">Anexo Auto<\/a> &#8211; <a href=\"https:\/\/cortesuprema.gov.co\/corte\/wp-content\/uploads\/not\/plena23\/Anexo 3 OSG 2194 DEMANADA DE TUTELA 11001031500020230207900_3_110010315000202302079002EXPEDIENTEDIGI20230426113724_TAListprocesoAdj133282863270987245.pdf\">Anexo demanda<\/a> &#8211; <a href=\"https:\/\/cortesuprema.gov.co\/corte\/wp-content\/uploads\/not\/plena23\/Anexo 4 OSG 2194 ANEXO 6_110010315000202302079001EXPEDIENTEDIGI20230426113804_TIEListprocesoAdj133282863265176769.pdf\">Anexo SP095-2023<\/a><\/p>\n<hr \/>\n<p>09\/05\/2023<\/p>\n<p><a href=\"https:\/\/cortesuprema.gov.co\/corte\/wp-content\/uploads\/not\/plena23\/CONSTANCIA CONFIRMACION Dra GUZMAN ALVAREZ.pdf\">Constancia de publicaci\u00f3n<\/a> de Confirmaci\u00f3n Dra. Martha Patricia Guzm\u00e1n \u00c1lvarez &#8211; <a href=\"https:\/\/cortesuprema.gov.co\/corte\/wp-content\/uploads\/not\/plena23\/Ponencia Dra Martha Patricia Guzman Alvarez.pdf\" target=\"_blank\" rel=\"noopener noreferrer\">Ver Ponencia<\/a><\/p>\n<p><a href=\"https:\/\/cortesuprema.gov.co\/corte\/wp-content\/uploads\/not\/plena23\/CONSTANCIA CONFIRMACION Dra HILDA GONZALEZ NEIRA.pdf\">Constancia de publicaci\u00f3n<\/a> de Confirmaci\u00f3n Dra. Hilda Gonz\u00e1lez Neira &#8211; <a href=\"https:\/\/cortesuprema.gov.co\/corte\/wp-content\/uploads\/not\/plena23\/Ponencia Dra Hilda Gonzalez Neira.pdf\" target=\"_blank\" rel=\"noopener noreferrer\">Ver Ponencia<\/a><\/p>\n<p>&nbsp;<\/p>\n<hr \/>\n<p>11\/04\/2023<\/p>\n<p><a href=\"https:\/\/www.cortesuprema.gov.co\/corte\/wp-content\/uploads\/not\/plena23\/aviso a terceros12042023.pdf\">Aviso a terceros interesados<\/a> &#8211; <a href=\"https:\/\/cortesuprema.gov.co\/corte\/wp-content\/uploads\/not\/plena23\/AUTO ADMISORIO ACCION DE TUTELA202300142.pdf\" target=\"_blank\" rel=\"noopener noreferrer\">Ver Providencia<\/a><\/p>\n<\/div><\/div>\n","protected":false},"excerpt":{"rendered":"<p>SALA PLENA\u00a0 Estados \u00a0 &#8211; \u00a0 Edictos \u00a0 &#8211;\u00a0 \u00a0\u00d3rdenes del d\u00eda\u00a0 \u00a0&#8211; \u00a0 Fijaci\u00f3n en lista<\/p>\n","protected":false},"author":3,"featured_media":0,"parent":0,"menu_order":0,"comment_status":"closed","ping_status":"closed","template":"","meta":{"footnotes":""},"class_list":["post-22388","page","type-page","status-publish","hentry"],"_links":{"self":[{"href":"https:\/\/cortesuprema.gov.co\/corte\/index.php\/wp-json\/wp\/v2\/pages\/22388","targetHints":{"allow":["GET"]}}],"collection":[{"href":"https:\/\/cortesuprema.gov.co\/corte\/index.php\/wp-json\/wp\/v2\/pages"}],"about":[{"href":"https:\/\/cortesuprema.gov.co\/corte\/index.php\/wp-json\/wp\/v2\/types\/page"}],"author":[{"embeddable":true,"href":"https:\/\/cortesuprema.gov.co\/corte\/index.php\/wp-json\/wp\/v2\/users\/3"}],"replies":[{"embeddable":true,"href":"https:\/\/cortesuprema.gov.co\/corte\/index.php\/wp-json\/wp\/v2\/comments?post=22388"}],"version-history":[{"count":88,"href":"https:\/\/cortesuprema.gov.co\/corte\/index.php\/wp-json\/wp\/v2\/pages\/22388\/revisions"}],"predecessor-version":[{"id":63684,"href":"https:\/\/cortesuprema.gov.co\/corte\/index.php\/wp-json\/wp\/v2\/pages\/22388\/revisions\/63684"}],"wp:attachment":[{"href":"https:\/\/cortesuprema.gov.co\/corte\/index.php\/wp-json\/wp\/v2\/media?parent=22388"}],"curies":[{"name":"wp","href":"https:\/\/api.w.org\/{rel}","templated":true}]}}