{"id":40575,"date":"2021-09-06T13:15:48","date_gmt":"2021-09-06T18:15:48","guid":{"rendered":"https:\/\/cortesuprema.gov.co\/corte\/?page_id=40575"},"modified":"2021-10-06T10:37:26","modified_gmt":"2021-10-06T15:37:26","slug":"encuentro2021","status":"publish","type":"page","link":"https:\/\/cortesuprema.gov.co\/corte\/index.php\/encuentro2021\/","title":{"rendered":"XXIV Encuentro de la Jurisdicci\u00f3n Ordinaria"},"content":{"rendered":"<p data-wp-editing=\"1\"><a href=\"https:\/\/cortesuprema.gov.co\/corte\/index.php\/encuentro2021\/\"><img loading=\"lazy\" decoding=\"async\" class=\"alignnone wp-image-41331 size-full\" src=\"https:\/\/cortesuprema.gov.co\/corte\/wp-content\/uploads\/2021\/09\/banner-principal.jpg\" alt=\"\" width=\"1201\" height=\"301\" srcset=\"https:\/\/cortesuprema.gov.co\/corte\/wp-content\/uploads\/2021\/09\/banner-principal.jpg 1201w, https:\/\/cortesuprema.gov.co\/corte\/wp-content\/uploads\/2021\/09\/banner-principal-300x75.jpg 300w\" sizes=\"auto, (max-width: 709px) 85vw, (max-width: 909px) 67vw, (max-width: 1362px) 62vw, 840px\" \/><\/a><div class=\"su-row\"><div class=\"su-column su-column-size-1-4\"><div class=\"su-column-inner su-u-clearfix su-u-trim\"><a href=\"https:\/\/cortesuprema.gov.co\/corte\/index.php\/encuentro2021\/\"><img loading=\"lazy\" decoding=\"async\" class=\"aligncenter wp-image-40919 size-full\" src=\"https:\/\/cortesuprema.gov.co\/corte\/wp-content\/uploads\/2021\/09\/botones-1-OVER.png\" alt=\"\" width=\"285\" height=\"35\" \/><\/a><\/p>\n<p data-wp-editing=\"1\"><a href=\"https:\/\/cortesuprema.gov.co\/corte\/index.php\/encuentro2021-invitacion\/\"><img loading=\"lazy\" decoding=\"async\" class=\"aligncenter wp-image-40923 size-full\" src=\"https:\/\/cortesuprema.gov.co\/corte\/wp-content\/uploads\/2021\/09\/botones-2.png\" alt=\"\" width=\"285\" height=\"35\" \/><\/a><\/p>\n<p data-wp-editing=\"1\"><a href=\"https:\/\/cortesuprema.gov.co\/corte\/index.php\/encuentro2021-programa\/\"><img loading=\"lazy\" decoding=\"async\" class=\"aligncenter wp-image-40925 size-full\" src=\"https:\/\/cortesuprema.gov.co\/corte\/wp-content\/uploads\/2021\/09\/botones-3.png\" alt=\"\" width=\"285\" height=\"35\" \/><\/a><\/p>\n<p data-wp-editing=\"1\"><a href=\"https:\/\/cortesuprema.gov.co\/corte\/index.php\/encuentro2021-perfiles\/\"><img loading=\"lazy\" decoding=\"async\" class=\"aligncenter wp-image-40927 size-full\" src=\"https:\/\/cortesuprema.gov.co\/corte\/wp-content\/uploads\/2021\/09\/botones-4.png\" alt=\"\" width=\"285\" height=\"35\" \/><\/a><\/p>\n<p data-wp-editing=\"1\"><a href=\"https:\/\/cortesuprema.gov.co\/corte\/index.php\/encuentro2021-datos-de-interes\/\"><img loading=\"lazy\" decoding=\"async\" class=\"aligncenter wp-image-40929 size-full\" src=\"https:\/\/cortesuprema.gov.co\/corte\/wp-content\/uploads\/2021\/09\/botones-5.png\" alt=\"\" width=\"285\" height=\"35\" \/><\/a><\/p>\n<p data-wp-editing=\"1\"><a href=\"https:\/\/cortesuprema.gov.co\/corte\/index.php\/encuentro2021-alertas\/\"><img loading=\"lazy\" decoding=\"async\" class=\"aligncenter wp-image-40931 size-full\" src=\"https:\/\/cortesuprema.gov.co\/corte\/wp-content\/uploads\/2021\/09\/botones-6.png\" alt=\"\" width=\"285\" height=\"34\" \/><\/a><\/p>\n<p data-wp-editing=\"1\"><a href=\"https:\/\/cortesuprema.gov.co\/corte\/index.php\/encuentro2021-datos-de-conexion\/\"><img loading=\"lazy\" decoding=\"async\" class=\"aligncenter wp-image-40933 size-full\" src=\"https:\/\/cortesuprema.gov.co\/corte\/wp-content\/uploads\/2021\/09\/botones-7.png\" alt=\"\" width=\"285\" height=\"35\" \/><\/a><\/p>\n<p data-wp-editing=\"1\"><a href=\"https:\/\/cortesuprema.gov.co\/corte\/index.php\/encuentro2021-contactenos\"><img loading=\"lazy\" decoding=\"async\" class=\"aligncenter wp-image-40935 size-full\" src=\"https:\/\/cortesuprema.gov.co\/corte\/wp-content\/uploads\/2021\/09\/botones-8.png\" alt=\"\" width=\"285\" height=\"35\" \/><\/a><\/p>\n<p data-wp-editing=\"1\"><a href=\"https:\/\/cortesuprema.gov.co\/corte\/index.php\/encuentro2021-memorias\"><img loading=\"lazy\" decoding=\"async\" class=\"aligncenter wp-image-40937 size-full\" src=\"https:\/\/cortesuprema.gov.co\/corte\/wp-content\/uploads\/2021\/09\/botones-9.png\" alt=\"\" width=\"285\" height=\"35\" \/><\/a><\/p>\n<p data-wp-editing=\"1\"><\/div><\/div><div class=\"su-column su-column-size-3-4\"><div class=\"su-column-inner su-u-clearfix su-u-trim\"><img loading=\"lazy\" decoding=\"async\" class=\"alignnone wp-image-41286 size-full\" style=\"margin-top: 0;\" src=\"https:\/\/cortesuprema.gov.co\/corte\/wp-content\/uploads\/2021\/09\/Banners-01-1.png\" alt=\"\" width=\"1025\" height=\"150\" srcset=\"https:\/\/cortesuprema.gov.co\/corte\/wp-content\/uploads\/2021\/09\/Banners-01-1.png 1025w, https:\/\/cortesuprema.gov.co\/corte\/wp-content\/uploads\/2021\/09\/Banners-01-1-300x44.png 300w\" sizes=\"auto, (max-width: 709px) 85vw, (max-width: 909px) 67vw, (max-width: 1362px) 62vw, 840px\" \/><\/p>\n<p align=\"JUSTIFY\">Con el tema central, <b>\u201cConflictos sociales y polarizaci\u00f3n: \u00bfqu\u00e9 se espera de los jueces?\u00bb,<\/b> la Corte Suprema de Justicia realizar\u00e1 durante los d\u00edas 18 y 19 de noviembre, el\u00a0<b>XXIV Encuentro de la Jurisdicci\u00f3n Ordinaria<\/b>, originado desde el Teatro Col\u00f3n de la ciudad de Bogot\u00e1.<\/p>\n<p align=\"JUSTIFY\">Ser\u00e1n m\u00e1s de 200 participantes, entre los que se destacan el Presidente de la Rep\u00fablica, los Magistrados de la Corte Suprema de Justicia; Presidentes de las dem\u00e1s Altas Cortes; Magistrados de Tribunales y Jueces de todo el pa\u00eds; conferencistas nacionales e internacionales; autoridades regionales y medios de comunicaci\u00f3n.<\/p>\n<p align=\"JUSTIFY\">El Encuentro podr\u00e1 ser seguido en directo a trav\u00e9s de la p\u00e1gina web\u00a0<a href=\"https:\/\/www.cortesuprema.gov.co\" target=\"_blank\" rel=\"noopener noreferrer\">www.cortesuprema.gov.co<\/a>\u00a0y las redes sociales de <a href=\"https:\/\/twitter.com\/CorteSupremaJ\" target=\"_blank\" rel=\"noopener noreferrer\">Twitter<\/a>, <a href=\"https:\/\/www.facebook.com\/Corte-Suprema-de-Justicia-873964706030937\/\" target=\"_blank\" rel=\"noopener noreferrer\">Facebook<\/a> y el canal de <a href=\"https:\/\/www.youtube.com\/channel\/UC7_SLsflSL2955-ULtEhc6w\" target=\"_blank\" rel=\"noopener noreferrer\">Youtube<\/a>.<\/p>\n<p align=\"JUSTIFY\">Para cualquier inquietud podr\u00e1 comunicarse con el correo electr\u00f3nico<a href=\"mailto:encuentro2021@cortesuprema.gov.co\"> encuentro2021@cortesuprema.gov.co<\/a>.<\/p>\n<\/div><\/div> <\/div>\n","protected":false},"excerpt":{"rendered":"Con el tema central, \u201cConflictos sociales y polarizaci\u00f3n: \u00bfqu\u00e9 se espera de los jueces?\u00bb, la Corte Suprema de Justicia realizar\u00e1 durante los d\u00edas 18 y 19 de noviembre, el\u00a0XXIV Encuentro de la Jurisdicci\u00f3n Ordinaria, originado desde el Teatro Col\u00f3n de la ciudad de Bogot\u00e1. Ser\u00e1n m\u00e1s de 200 participantes, entre los que se destacan el &hellip; <a href=\"https:\/\/cortesuprema.gov.co\/corte\/index.php\/encuentro2021\/\" class=\"more-link\">Continuar leyendo<span class=\"screen-reader-text\"> \"XXIV Encuentro de la Jurisdicci\u00f3n Ordinaria\"<\/span><\/a>","protected":false},"author":47,"featured_media":0,"parent":0,"menu_order":0,"comment_status":"closed","ping_status":"closed","template":"","meta":{"footnotes":""},"class_list":["post-40575","page","type-page","status-publish","hentry"],"_links":{"self":[{"href":"https:\/\/cortesuprema.gov.co\/corte\/index.php\/wp-json\/wp\/v2\/pages\/40575","targetHints":{"allow":["GET"]}}],"collection":[{"href":"https:\/\/cortesuprema.gov.co\/corte\/index.php\/wp-json\/wp\/v2\/pages"}],"about":[{"href":"https:\/\/cortesuprema.gov.co\/corte\/index.php\/wp-json\/wp\/v2\/types\/page"}],"author":[{"embeddable":true,"href":"https:\/\/cortesuprema.gov.co\/corte\/index.php\/wp-json\/wp\/v2\/users\/47"}],"replies":[{"embeddable":true,"href":"https:\/\/cortesuprema.gov.co\/corte\/index.php\/wp-json\/wp\/v2\/comments?post=40575"}],"version-history":[{"count":106,"href":"https:\/\/cortesuprema.gov.co\/corte\/index.php\/wp-json\/wp\/v2\/pages\/40575\/revisions"}],"predecessor-version":[{"id":41608,"href":"https:\/\/cortesuprema.gov.co\/corte\/index.php\/wp-json\/wp\/v2\/pages\/40575\/revisions\/41608"}],"wp:attachment":[{"href":"https:\/\/cortesuprema.gov.co\/corte\/index.php\/wp-json\/wp\/v2\/media?parent=40575"}],"curies":[{"name":"wp","href":"https:\/\/api.w.org\/{rel}","templated":true}]}}