{"id":45003,"date":"2022-01-31T14:40:20","date_gmt":"2022-01-31T19:40:20","guid":{"rendered":"https:\/\/cortesuprema.gov.co\/corte\/?page_id=45003"},"modified":"2023-01-30T10:54:53","modified_gmt":"2023-01-30T15:54:53","slug":"portafolio-de-servicios-relatoria-civil","status":"publish","type":"page","link":"https:\/\/cortesuprema.gov.co\/corte\/index.php\/portafolio-de-servicios-relatoria-civil\/","title":{"rendered":"Portafolio de servicios Relator\u00eda Sala de Casaci\u00f3n Civil"},"content":{"rendered":"<p>&nbsp;<\/p>\n<p style=\"text-align: center;\"><strong>Portafolio de servicios<\/strong><\/p>\n<p style=\"text-align: center;\"><strong> Relator\u00eda Sala de Casaci\u00f3n Civil<\/strong><\/p>\n<div id=\"tabs\">\n<p>&nbsp;<\/p>\n<style>\n #tabs{<br \/>    position: absolute;<br \/>    top: 1%;<br \/>    left: 2.4%;<br \/>    height: 2%;<br \/>    width: 94%;<br \/>    \/* color: red; *\/<br \/>    background-color:#fcd116;<br \/>    border-radius: 5px;<br \/>}<\/p>\n<p>p {<br \/>  font-weight: 300;<br \/>  font-style: Bookman Old Style;<br \/>  letter-spacing: 0.1px;<br \/> \/* color: #003893; *\/<br \/>}<br \/><\/style>\n<div class=\"su-tabs su-tabs-style-default su-tabs-mobile-stack my-custom-tabs\" data-active=\"1\" data-scroll-offset=\"0\" data-anchor-in-url=\"no\"><div class=\"su-tabs-nav\"><span class=\"\" data-url=\"\" data-target=\"blank\" tabindex=\"0\" role=\"button\">2023-2024<\/span><span class=\"\" data-url=\"\" data-target=\"blank\" tabindex=\"0\" role=\"button\">2022<\/span><\/div><div class=\"su-tabs-panes\"><div class=\"su-tabs-pane su-u-clearfix su-u-trim\" data-title=\"2023-2024\"> <div class=\"su-animate\" style=\"opacity:0;-webkit-animation-duration:1s;-webkit-animation-delay:0s;animation-duration:1s;animation-delay:0s;\" data-animation=\"fadeInUp\" data-duration=\"1\" data-delay=\"0\">\n<ul>\n<li><a href=\"https:\/\/cortesuprema.gov.co\/corte\/wp-content\/uploads\/2023\/01\/PORTAFOLIO-DE-SERVICIOS-RELATOR\u00cdA-CIVIL-2023-2024-P.pdf\">Portafolio de servicios 2023-2024<\/a><\/li>\n<\/ul>\n<\/div>\n<\/div>\n<div class=\"su-tabs-pane su-u-clearfix su-u-trim\" data-title=\"2022\"> <div class=\"su-animate\" style=\"opacity:0;-webkit-animation-duration:1s;-webkit-animation-delay:0s;animation-duration:1s;animation-delay:0s;\" data-animation=\"fadeInUp\" data-duration=\"1\" data-delay=\"0\">\n<ul>\n<li><a href=\"https:\/\/cortesuprema.gov.co\/corte\/wp-content\/uploads\/2022\/06\/Plan-Estrat\u00e9gico-2022-Proceso-Gesti\u00f3n-Del-Conocimiento-Jurisprudencial-versi\u00f3n-02.pdf\">Planeaci\u00f3n estrat\u00e9gica 2022 Proceso Gesti\u00f3n del Conocimiento Jurisprudencial<\/a><\/li>\n<\/ul>\n<\/div>\n<\/div><\/div><\/div>\n<\/div>\n<p>&nbsp;<\/p>\n","protected":false},"excerpt":{"rendered":"<p>&nbsp; Portafolio de servicios Relator\u00eda Sala de Casaci\u00f3n Civil &nbsp; &nbsp;<\/p>\n","protected":false},"author":38,"featured_media":0,"parent":0,"menu_order":0,"comment_status":"closed","ping_status":"closed","template":"","meta":{"footnotes":""},"class_list":["post-45003","page","type-page","status-publish","hentry"],"_links":{"self":[{"href":"https:\/\/cortesuprema.gov.co\/corte\/index.php\/wp-json\/wp\/v2\/pages\/45003","targetHints":{"allow":["GET"]}}],"collection":[{"href":"https:\/\/cortesuprema.gov.co\/corte\/index.php\/wp-json\/wp\/v2\/pages"}],"about":[{"href":"https:\/\/cortesuprema.gov.co\/corte\/index.php\/wp-json\/wp\/v2\/types\/page"}],"author":[{"embeddable":true,"href":"https:\/\/cortesuprema.gov.co\/corte\/index.php\/wp-json\/wp\/v2\/users\/38"}],"replies":[{"embeddable":true,"href":"https:\/\/cortesuprema.gov.co\/corte\/index.php\/wp-json\/wp\/v2\/comments?post=45003"}],"version-history":[{"count":12,"href":"https:\/\/cortesuprema.gov.co\/corte\/index.php\/wp-json\/wp\/v2\/pages\/45003\/revisions"}],"predecessor-version":[{"id":55609,"href":"https:\/\/cortesuprema.gov.co\/corte\/index.php\/wp-json\/wp\/v2\/pages\/45003\/revisions\/55609"}],"wp:attachment":[{"href":"https:\/\/cortesuprema.gov.co\/corte\/index.php\/wp-json\/wp\/v2\/media?parent=45003"}],"curies":[{"name":"wp","href":"https:\/\/api.w.org\/{rel}","templated":true}]}}