{"id":57821,"date":"2023-04-26T15:34:36","date_gmt":"2023-04-26T20:34:36","guid":{"rendered":"https:\/\/cortesuprema.gov.co\/corte\/?page_id=57821"},"modified":"2023-05-16T19:44:21","modified_gmt":"2023-05-17T00:44:21","slug":"convocatoria-auditorgeneral-2023-listadoinscritos","status":"publish","type":"page","link":"https:\/\/cortesuprema.gov.co\/corte\/index.php\/convocatoria-auditorgeneral-2023-listadoinscritos\/","title":{"rendered":"convocatoria auditor general 2023 listado inscritos"},"content":{"rendered":"[vc_row][vc_column][vc_single_image image=\u00bb58089&#8243; img_size=\u00bbfull\u00bb][\/vc_column][\/vc_row][vc_row][vc_column width=\u00bb1\/4&#8243;][vc_column_text]\n<p style=\"text-align: center;\"><a href=\"https:\/\/cortesuprema.gov.co\/corte\/index.php\/convocatoria-auditorgeneral-2023\/\"><img loading=\"lazy\" decoding=\"async\" class=\"alignnone wp-image-50873 size-full\" src=\"https:\/\/cortesuprema.gov.co\/corte\/wp-content\/uploads\/2023\/04\/Micrositio-Convocatoria-Terna-Auditor-General_bt1.jpg\" alt=\"\" width=\"284\" height=\"54\" \/><\/a><\/p>\n<p style=\"text-align: center;\"><a href=\"https:\/\/cortesuprema.gov.co\/corte\/index.php\/convocatoria-auditorgeneral-2023-convocatoria\/\"><img loading=\"lazy\" decoding=\"async\" class=\"alignnone wp-image-50874 size-full\" src=\"https:\/\/cortesuprema.gov.co\/corte\/wp-content\/uploads\/2023\/04\/Micrositio-Convocatoria-Terna-Auditor-General_bt2.jpg\" alt=\"\" width=\"284\" height=\"54\" \/><\/a><\/p>\n<p style=\"text-align: center;\"><a href=\"https:\/\/cortesuprema.gov.co\/corte\/index.php\/convocatoria-auditorgeneral-2023-cronograma\/\"><img loading=\"lazy\" decoding=\"async\" class=\"alignnone wp-image-50875 size-full\" src=\"https:\/\/cortesuprema.gov.co\/corte\/wp-content\/uploads\/2023\/04\/Micrositio-Convocatoria-Terna-Auditor-General_bt3.jpg\" alt=\"\" width=\"284\" height=\"54\" \/><\/a><\/p>\n<p style=\"text-align: center;\"><a href=\"https:\/\/cortesuprema.gov.co\/corte\/index.php\/convocatoria-auditorgeneral-2023-inscripcion\/\"><img loading=\"lazy\" decoding=\"async\" class=\"alignnone wp-image-50876 size-full\" src=\"https:\/\/cortesuprema.gov.co\/corte\/wp-content\/uploads\/2023\/04\/Micrositio-Convocatoria-Terna-Auditor-General_bt4.jpg\" alt=\"\" width=\"284\" height=\"54\" \/><\/a><\/p>\n<p style=\"text-align: center;\"><a href=\"https:\/\/cortesuprema.gov.co\/corte\/index.php\/convocatoria-auditorgeneral-2023-listadoinscritos\/\"><img loading=\"lazy\" decoding=\"async\" class=\"alignnone wp-image-50877 size-full\" src=\"https:\/\/cortesuprema.gov.co\/corte\/wp-content\/uploads\/2023\/04\/Micrositio-Convocatoria-Terna-Auditor-General_bt5.jpg\" alt=\"\" width=\"284\" height=\"54\" \/><\/a><\/p>\n<p style=\"text-align: center;\"><a href=\"https:\/\/cortesuprema.gov.co\/corte\/index.php\/convocatoria-auditorgeneral-2023-listadoadmitidos\/\"><img loading=\"lazy\" decoding=\"async\" class=\"alignnone wp-image-50878 size-full\" src=\"https:\/\/cortesuprema.gov.co\/corte\/wp-content\/uploads\/2023\/04\/Micrositio-Convocatoria-Terna-Auditor-General_bt6.jpg\" alt=\"\" width=\"284\" height=\"54\" \/><\/a><\/p>\n<p style=\"text-align: center;\"><a href=\"https:\/\/cortesuprema.gov.co\/corte\/index.php\/convocatoria-auditorgeneral-2023-listadoinadmitidos\/\"><img loading=\"lazy\" decoding=\"async\" class=\"alignnone wp-image-50879 size-full\" src=\"https:\/\/cortesuprema.gov.co\/corte\/wp-content\/uploads\/2023\/04\/Micrositio-Convocatoria-Terna-Auditor-General_bt7.jpg\" alt=\"\" width=\"284\" height=\"54\" \/><\/a><\/p>\n<p style=\"text-align: center;\"><a href=\"https:\/\/cortesuprema.gov.co\/corte\/index.php\/convocatoria-auditorgeneral-2023-transmision\/\"><img loading=\"lazy\" decoding=\"async\" class=\"alignnone wp-image-50880 size-full\" src=\"https:\/\/cortesuprema.gov.co\/corte\/wp-content\/uploads\/2023\/04\/Micrositio-Convocatoria-Terna-Auditor-General_bt8.jpg\" alt=\"\" width=\"284\" height=\"53\" \/><\/a><\/p>\n<p style=\"text-align: center;\"><a href=\"https:\/\/cortesuprema.gov.co\/corte\/index.php\/convocatoria-auditorgeneral-2023-contactenos\/\"><img class=\"alignnone wp-image-50872 size-full\" \nsrc=\"https:\/\/cortesuprema.gov.co\/corte\/wp-content\/uploads\/2023\/04\/Micrositio-Convocatoria-Terna-Auditor-General_bt9.jpg\" alt=\"\" width=\"284\" height=\"53\" \/><\/a><\/p>\n[\/vc_column_text][\/vc_column][vc_column width=\u00bb3\/4&#8243;][vc_column_text]\n<p><!--\n\n<div data-ogsc=\"rgb(0, 0, 0)\">\n\n\n<p data-ogsb=\"white\">Bienvenido al micrositio web oficial de la convocatoria p\u00fablica 01-2023 adelantada por la Corte Suprema de Justicia, mediante la cual esta Corporaci\u00f3n designar\u00e1 a los integrantes de la terna que se enviar\u00e1 al Consejo de Estado para la elecci\u00f3n del Auditor General de la Rep\u00fablica. <\/p>\n\n\n\n\n<p data-ogsb=\"white\">Aqu\u00ed encontrar\u00e1 los principios que rigen la misma, el cronograma, el instructivo, la plataforma para que realice su inscripci\u00f3n, los contactos donde se le brindar\u00e1 soporte t\u00e9cnico de ser el caso, el correo electr\u00f3nico dispuesto para observaciones durante el desarrollo del proceso, publicaci\u00f3n de los avances, as\u00ed como el link de acceso a la audiencia p\u00fablica.<\/p>\n\n\n\n\n<p data-ogsb=\"white\">Los t\u00e9rminos de la Convocatoria los puede consultar en el siguiente documento:<\/p>\n\n\n<\/div>\n\n\n\n\n<p><embed src=\"https:\/\/cortesuprema.gov.co\/corte\/wp-content\/uploads\/2022\/08\/Aviso-Firmado-Convocatoria-02-de-2022-1.pdf\" type=\"application\/pdf\" height=\"800px\" width=\"100%\" ><\/p>\n\n\n\n\n<p style=\"text-align: center;\"><a href=\"https:\/\/cortesuprema.gov.co\/corte\/wp-content\/uploads\/2022\/08\/Aviso-Firmado-Convocatoria-02-de-2022-1.pdf\" target=\"_blank\" rel=\"noopener noreferrer\">ANEXO CONVOCATORIA<\/a><\/p>\n\n--><\/p>\n<div>\n<ol>\n<li><a href=\"https:\/\/cortesuprema.gov.co\/corte\/wp-content\/uploads\/2023\/05\/ACOSTA-MAESTRE-ROBERTO-CARLOS.pdf\" target=\"_blank\" rel=\"noopener noreferrer\">&#8211; Acosta Maestre Roberto Carlos <\/a><\/li>\n<li><a href=\"https:\/\/cortesuprema.gov.co\/corte\/wp-content\/uploads\/2023\/05\/ACU\u00d1A-MERCH\u00c1N-JULIET-CAROLINA.pdf\" target=\"_blank\" rel=\"noopener noreferrer\">&#8211; Acu\u00f1a Merch\u00e1n Juliet Carolina <\/a><\/li>\n<li><a href=\"https:\/\/cortesuprema.gov.co\/corte\/wp-content\/uploads\/2023\/05\/ACU\u00d1A-NOGUERA-LILIANA-MAR\u00cdA.pdf\" target=\"_blank\" rel=\"noopener noreferrer\">&#8211; Acu\u00f1a Noguera Liliana Mar\u00eda <\/a><\/li>\n<li><a href=\"https:\/\/cortesuprema.gov.co\/corte\/wp-content\/uploads\/2023\/05\/ALBA-GRIMALDOS-JAVIER-ALFONSO.pdf\" target=\"_blank\" rel=\"noopener noreferrer\">&#8211; Alba Grimaldos Javier Alfonso <\/a><\/li>\n<li><a href=\"https:\/\/cortesuprema.gov.co\/corte\/wp-content\/uploads\/2023\/05\/AMADO-GAONA-MAGDA-MILENA.pdf\" target=\"_blank\" rel=\"noopener noreferrer\">&#8211; Amado Gaona Magda Milena <\/a><\/li>\n<li><a href=\"https:\/\/cortesuprema.gov.co\/corte\/wp-content\/uploads\/2023\/05\/AMOROCHO-MORENO-HENRY.pdf\" target=\"_blank\" rel=\"noopener noreferrer\">&#8211; Amorocho Moreno Henry <\/a><\/li>\n<li><a href=\"https:\/\/cortesuprema.gov.co\/corte\/wp-content\/uploads\/2023\/05\/ANDRADE-P\u00c9REZ-FREDY-WILLIAM.pdf\" target=\"_blank\" rel=\"noopener noreferrer\">&#8211; Andrade P\u00e9rez Fredy William <\/a><\/li>\n<li><a href=\"https:\/\/cortesuprema.gov.co\/corte\/wp-content\/uploads\/2023\/05\/ARISTIZ\u00c1BAL-ZULUAGA-LEONARDO-DE-JES\u00daS.pdf\" target=\"_blank\" rel=\"noopener noreferrer\">&#8211; Aristiz\u00e1bal Zuluaga Leonardo de Jes\u00fas <\/a><\/li>\n<li><a href=\"https:\/\/cortesuprema.gov.co\/corte\/wp-content\/uploads\/2023\/05\/BAR\u00d3N-DUR\u00c1N-MAR\u00cdA-ANAYME.pdf\" target=\"_blank\" rel=\"noopener noreferrer\">&#8211; Bar\u00f3n Duran Mar\u00eda Anayme <\/a><\/li>\n<li><a href=\"https:\/\/cortesuprema.gov.co\/corte\/wp-content\/uploads\/2023\/05\/BELTR\u00c1N-PARDO-ENRIQUE.pdf\" target=\"_blank\" rel=\"noopener noreferrer\">&#8211; Beltr\u00e1n Pardo Enrique <\/a><\/li>\n<li><a href=\"https:\/\/cortesuprema.gov.co\/corte\/wp-content\/uploads\/2023\/05\/BOH\u00d3RQUEZ-RAM\u00cdREZ-PEDRO-LUIS.pdf\" target=\"_blank\" rel=\"noopener noreferrer\">&#8211; Boh\u00f3rquez Ram\u00edrez Pedro Luis <\/a><\/li>\n<li><a href=\"https:\/\/cortesuprema.gov.co\/corte\/wp-content\/uploads\/2023\/05\/BUENO-GONZ\u00c1LEZ-MAR\u00cdA-MARGARITA.pdf\" target=\"_blank\" rel=\"noopener noreferrer\">&#8211; Bueno Gonz\u00e1lez Mar\u00eda Margarita <\/a><\/li>\n<li><a href=\"https:\/\/cortesuprema.gov.co\/corte\/wp-content\/uploads\/2023\/05\/CAICEDO-NEIRA-ANDR\u00c9S-FELIPE.pdf\" target=\"_blank\" rel=\"noopener noreferrer\">&#8211; Caicedo Neira Andr\u00e9s Felipe <\/a><\/li>\n<li><a href=\"https:\/\/cortesuprema.gov.co\/corte\/wp-content\/uploads\/2023\/05\/CALDER\u00d3N-ESPA\u00d1A-GERM\u00c1N.pdf\" target=\"_blank\" rel=\"noopener noreferrer\">&#8211; Calder\u00f3n Espa\u00f1a Germ\u00e1n <\/a><\/li>\n<li><a href=\"https:\/\/cortesuprema.gov.co\/corte\/wp-content\/uploads\/2023\/05\/CAMARGO-ACOSTA-SANDRA-JEANNETTE.pdf\" target=\"_blank\" rel=\"noopener noreferrer\">&#8211; Camargo Acosta Sandra Jeannette <\/a><\/li>\n<li><a href=\"https:\/\/cortesuprema.gov.co\/corte\/wp-content\/uploads\/2023\/05\/CASTA\u00d1EDA-MONROY-JAIRO-HERNANDO.pdf\" target=\"_blank\" rel=\"noopener noreferrer\">&#8211; Casta\u00f1eda Monroy Jairo Hernando <\/a><\/li>\n<li><a href=\"https:\/\/cortesuprema.gov.co\/corte\/wp-content\/uploads\/2023\/05\/CASTA\u00d1EDA-VILLAMIZAR-CARMEN-TERESA.pdf\" target=\"_blank\" rel=\"noopener noreferrer\">&#8211; Casta\u00f1eda Villamizar Carmen Teresa <\/a><\/li>\n<li><a href=\"https:\/\/cortesuprema.gov.co\/corte\/wp-content\/uploads\/2023\/05\/CASTA\u00d1O-CARDONA-DIANA-CAROLINA.pdf\" target=\"_blank\" rel=\"noopener noreferrer\">&#8211; Casta\u00f1o Cardona Diana Carolina <\/a><\/li>\n<li><a href=\"https:\/\/cortesuprema.gov.co\/corte\/wp-content\/uploads\/2023\/05\/CASTILLO-ORTIZ-ESPERANZA.pdf\" target=\"_blank\" rel=\"noopener noreferrer\">&#8211; Castillo Ortiz Esperanza <\/a><\/li>\n<li><a href=\"https:\/\/cortesuprema.gov.co\/corte\/wp-content\/uploads\/2023\/05\/CORT\u00c9S-LAVERDE-HAROLD-ANDR\u00c9S.pdf\" target=\"_blank\" rel=\"noopener noreferrer\">&#8211; Cort\u00e9s Laverde Harold Andr\u00e9s <\/a><\/li>\n<li><a href=\"https:\/\/cortesuprema.gov.co\/corte\/wp-content\/uploads\/2023\/05\/CUESTAS-G\u00d3MEZ-JOS\u00c9-MAURICIO-.pdf\" target=\"_blank\" rel=\"noopener noreferrer\">&#8211; Cuestas G\u00f3mez Jos\u00e9 Mauricio <\/a><\/li>\n<li><a href=\"https:\/\/cortesuprema.gov.co\/corte\/wp-content\/uploads\/2023\/05\/DE-LA-CUESTA-CUESTA-HENRI-ANTONIO.pdf\" target=\"_blank\" rel=\"noopener noreferrer\">&#8211; De La Cuesta CuestaHenri Antonio <\/a><\/li>\n<li><a href=\"https:\/\/cortesuprema.gov.co\/corte\/wp-content\/uploads\/2023\/05\/DONOSO-HERRERA-YESENIA.pdf\" target=\"_blank\" rel=\"noopener noreferrer\">&#8211; Donoso Herrera Yesenia <\/a><\/li>\n<li><a href=\"https:\/\/cortesuprema.gov.co\/corte\/wp-content\/uploads\/2023\/05\/DUQUE-CRUZ-PATRICIA.pdf\" target=\"_blank\" rel=\"noopener noreferrer\">&#8211; Duque Cruz Patricia <\/a><\/li>\n<li><a href=\"https:\/\/cortesuprema.gov.co\/corte\/wp-content\/uploads\/2023\/05\/FORERO-BARRERA-CARLOS-EDUARDO.pdf\" target=\"_blank\" rel=\"noopener noreferrer\">&#8211; Forero Barrera Carlos Eduardo <\/a><\/li>\n<li><a href=\"https:\/\/cortesuprema.gov.co\/corte\/wp-content\/uploads\/2023\/05\/GARZ\u00d3N-VIVAS-H\u00c9CTOR-JULIO.pdf\" target=\"_blank\" rel=\"noopener noreferrer\">&#8211; Garz\u00f3n Vivas H\u00e9ctor Julio <\/a><\/li>\n<li><a href=\"https:\/\/cortesuprema.gov.co\/corte\/wp-content\/uploads\/2023\/05\/G\u00d3MEZ-BUITRAGO-JAIRO.pdf\" target=\"_blank\" rel=\"noopener noreferrer\">&#8211; G\u00f3mez Buitrago Jairo <\/a><\/li>\n<li><a href=\"https:\/\/cortesuprema.gov.co\/corte\/wp-content\/uploads\/2023\/05\/GONZ\u00c1LEZ-GARC\u00cdA-HARRY-GIOVANNY.pdf\" target=\"_blank\" rel=\"noopener noreferrer\">&#8211; Gonz\u00e1lez Garc\u00eda Harry Giovanny <\/a><\/li>\n<li><a href=\"https:\/\/cortesuprema.gov.co\/corte\/wp-content\/uploads\/2023\/05\/GUTI\u00c9RREZ-BRAVO-C\u00c9SAR-AUGUSTO.pdf\" target=\"_blank\" rel=\"noopener noreferrer\">&#8211; Guti\u00e9rrez Bravo C\u00e9sar Augusto <\/a><\/li>\n<li><a href=\"https:\/\/cortesuprema.gov.co\/corte\/wp-content\/uploads\/2023\/05\/GUTI\u00c9RREZ-MEJ\u00cdA-LUIS-ALBERTO.pdf\" target=\"_blank\" rel=\"noopener noreferrer\">&#8211; Guti\u00e9rrez Mej\u00eda Luis Alberto <\/a><\/li>\n<li><a href=\"https:\/\/cortesuprema.gov.co\/corte\/wp-content\/uploads\/2023\/05\/LEAL-PARADA-JUAN-ANDR\u00c9S.pdf\" target=\"_blank\" rel=\"noopener noreferrer\">&#8211; Leal ParadaJuan Andr\u00e9s <\/a><\/li>\n<li><a href=\"https:\/\/cortesuprema.gov.co\/corte\/wp-content\/uploads\/2023\/05\/L\u00d3PEZ-LUNA-ENRIQUE.pdf\" target=\"_blank\" rel=\"noopener noreferrer\">&#8211; L\u00f3pez Luna Enrique <\/a><\/li>\n<li><a href=\"https:\/\/cortesuprema.gov.co\/corte\/wp-content\/uploads\/2023\/05\/MEJ\u00cdA-NIETO-GIANCARLO-NIKOLAI-ALEXEI.pdf\" target=\"_blank\" rel=\"noopener noreferrer\">&#8211; Mej\u00eda Nieto Giancarlo Nikolai Alexei <\/a><\/li>\n<li><a href=\"https:\/\/cortesuprema.gov.co\/corte\/wp-content\/uploads\/2023\/05\/MESA-GUERRA-JAIRO-ALONSO.pdf\" target=\"_blank\" rel=\"noopener noreferrer\">&#8211; Mesa Guerra Jairo Alonso <\/a><\/li>\n<li><a href=\"https:\/\/cortesuprema.gov.co\/corte\/wp-content\/uploads\/2023\/05\/MONTOYA-S\u00c1NCHEZ-CARLOS-ALEJANDRO.pdf\" target=\"_blank\" rel=\"noopener noreferrer\">&#8211; Montoya S\u00e1nchez Carlos Alejandro <\/a><\/li>\n<li><a href=\"https:\/\/cortesuprema.gov.co\/corte\/wp-content\/uploads\/2023\/05\/NAVAS-FL\u00d3REZ-JOHNY-GENDER.pdf\" target=\"_blank\" rel=\"noopener noreferrer\">&#8211; Navas Flores Johny Gender <\/a><\/li>\n<li><a href=\"https:\/\/cortesuprema.gov.co\/corte\/wp-content\/uploads\/2023\/05\/NEIRA-RUEDA-ALBERTO.pdf\" target=\"_blank\" rel=\"noopener noreferrer\">&#8211; Neira Rueda Alberto <\/a><\/li>\n<li><a href=\"https:\/\/cortesuprema.gov.co\/corte\/wp-content\/uploads\/2023\/05\/OLANO-GARC\u00cdA-HERN\u00c1N-ALEJANDRO.pdf\" target=\"_blank\" rel=\"noopener noreferrer\">&#8211; Olano Garc\u00eda Hern\u00e1n Alejandro <\/a><\/li>\n<li><a href=\"https:\/\/cortesuprema.gov.co\/corte\/wp-content\/uploads\/2023\/05\/ORTIZ-ZAMBRANO-JUAN-HERN\u00c1N.pdf\" target=\"_blank\" rel=\"noopener noreferrer\">&#8211; Ortiz Zambrano Juan Hern\u00e1n <\/a><\/li>\n<li><a href=\"https:\/\/cortesuprema.gov.co\/corte\/wp-content\/uploads\/2023\/05\/OSORIO-RUIZ-JOS\u00c9-JOAQU\u00cdN.pdf\" target=\"_blank\" rel=\"noopener noreferrer\">&#8211; Osorio Ruiz Jos\u00e9 Joaqu\u00edn <\/a><\/li>\n<li><a href=\"https:\/\/cortesuprema.gov.co\/corte\/wp-content\/uploads\/2023\/05\/OYUELA-VARGAS-MICHAEL.pdf\" target=\"_blank\" rel=\"noopener noreferrer\">&#8211; Oyuela Vargas Michael <\/a><\/li>\n<li><a href=\"https:\/\/cortesuprema.gov.co\/corte\/wp-content\/uploads\/2023\/05\/P\u00c1EZ-DOMINGUEZ-JAIRO-ALBERTO.pdf\" target=\"_blank\" rel=\"noopener noreferrer\">&#8211; P\u00e1ez Dom\u00ednguez Jairo Alberto <\/a><\/li>\n<li><a href=\"https:\/\/cortesuprema.gov.co\/corte\/wp-content\/uploads\/2023\/05\/P\u00c1EZ-SAAVEDRA-LEONARDO.pdf\" target=\"_blank\" rel=\"noopener noreferrer\">&#8211; P\u00e1ez Saavedra Leonardo <\/a><\/li>\n<li><a href=\"https:\/\/cortesuprema.gov.co\/corte\/wp-content\/uploads\/2023\/05\/PAREDES-VALENCIA-JUVENAL.pdf\" target=\"_blank\" rel=\"noopener noreferrer\">&#8211; Paredes Valencia Juvenal <\/a><\/li>\n<li><a href=\"https:\/\/cortesuprema.gov.co\/corte\/wp-content\/uploads\/2023\/05\/PEL\u00c1EZ-GONZ\u00c1LEZ-VER\u00d3NICA.pdf\" target=\"_blank\" rel=\"noopener noreferrer\">&#8211; Pel\u00e1ez Guti\u00e9rrez Ver\u00f3nica <\/a><\/li>\n<li><a href=\"https:\/\/cortesuprema.gov.co\/corte\/wp-content\/uploads\/2023\/05\/PERDOMO-CAICEDO-CARLOS-GUILLERMO.pdf\" target=\"_blank\" rel=\"noopener noreferrer\">&#8211; Perdomo Caicedo Carlos Guillermo <\/a><\/li>\n<li><a href=\"https:\/\/cortesuprema.gov.co\/corte\/wp-content\/uploads\/2023\/05\/P\u00c9REZ-V\u00c1SQUEZ-JUAN-CARLOS.pdf\" target=\"_blank\" rel=\"noopener noreferrer\">&#8211; P\u00e9rez V\u00e1squez Juan Carlos <\/a><\/li>\n<li><a href=\"https:\/\/cortesuprema.gov.co\/corte\/wp-content\/uploads\/2023\/05\/PERILLA-C\u00c1RDENAS-RUB\u00c9N-DAR\u00cdO.pdf\" target=\"_blank\" rel=\"noopener noreferrer\">&#8211; Perilla C\u00e1rdenas Rub\u00e9n Dar\u00edo <\/a><\/li>\n<li><a href=\"https:\/\/cortesuprema.gov.co\/corte\/wp-content\/uploads\/2023\/05\/PUENTE-L\u00d3PEZ-JOS\u00c9-LUIS-.pdf\" target=\"_blank\" rel=\"noopener noreferrer\">&#8211; Puente L\u00f3pez Jos\u00e9 Luis <\/a><\/li>\n<li><a href=\"https:\/\/cortesuprema.gov.co\/corte\/wp-content\/uploads\/2023\/05\/PULIDO-CORRAL-MAURICIO.pdf\" target=\"_blank\" rel=\"noopener noreferrer\">&#8211; Pulido Corral Mauricio <\/a><\/li>\n<li><a href=\"https:\/\/cortesuprema.gov.co\/corte\/wp-content\/uploads\/2023\/05\/PULIDO-MU\u00d1OZ-SONIA-ALEXANDRA.pdf\" target=\"_blank\" rel=\"noopener noreferrer\">&#8211; Pulido Mu\u00f1oz Sonia Alexandra <\/a><\/li>\n<li><a href=\"https:\/\/cortesuprema.gov.co\/corte\/wp-content\/uploads\/2023\/05\/RAM\u00cdREZ-ARENAS-ODUBER-ALEXIS.pdf\" target=\"_blank\" rel=\"noopener noreferrer\">&#8211; Ram\u00edrez Arenas Oduber Alexis <\/a><\/li>\n<li><a href=\"https:\/\/cortesuprema.gov.co\/corte\/wp-content\/uploads\/2023\/05\/RAM\u00cdREZ-AYALA-PAULINA.pdf\" target=\"_blank\" rel=\"noopener noreferrer\">&#8211; Ram\u00edrez Ayala Paulina <\/a><\/li>\n<li><a href=\"https:\/\/cortesuprema.gov.co\/corte\/wp-content\/uploads\/2023\/05\/RAM\u00cdREZ-HINCAPI\u00c9-CARLOS-ARTURO.pdf\" target=\"_blank\" rel=\"noopener noreferrer\">&#8211; Ram\u00edrez Hincapi\u00e9 Carlos Arturo <\/a><\/li>\n<li><a href=\"https:\/\/cortesuprema.gov.co\/corte\/wp-content\/uploads\/2023\/05\/RAM\u00cdREZ-SOTO-MAYRA-ALEJANDRA.pdf\" target=\"_blank\" rel=\"noopener noreferrer\">&#8211; Ram\u00edrez Soto Mayra Alejandra <\/a><\/li>\n<li><a href=\"https:\/\/cortesuprema.gov.co\/corte\/wp-content\/uploads\/2023\/05\/RINC\u00d3N-MAZO-GLORA-PATRICIA.pdf\" target=\"_blank\" rel=\"noopener noreferrer\">&#8211; Rinc\u00f3n MazoGloria Patricia <\/a><\/li>\n<li><a href=\"https:\/\/cortesuprema.gov.co\/corte\/wp-content\/uploads\/2023\/05\/RIVERA-CAMELO-JENNY.pdf\" target=\"_blank\" rel=\"noopener noreferrer\">&#8211; Rivera Camelo Jenny <\/a><\/li>\n<li><a href=\"https:\/\/cortesuprema.gov.co\/corte\/wp-content\/uploads\/2023\/05\/RODR\u00cdGUEZ-SANTANA-YOHAN-LEANDRO.pdf\" target=\"_blank\" rel=\"noopener noreferrer\">&#8211; Rodr\u00edguez Santana Yohan Leandro <\/a><\/li>\n<li><a href=\"https:\/\/cortesuprema.gov.co\/corte\/wp-content\/uploads\/2023\/05\/ROJAS-MEZA-\u00c1LVARO-ISA\u00cdAS.pdf\" target=\"_blank\" rel=\"noopener noreferrer\">&#8211; Rojas Meza \u00c1lvaro Isa\u00edas <\/a><\/li>\n<li><a href=\"https:\/\/cortesuprema.gov.co\/corte\/wp-content\/uploads\/2023\/05\/RUALES-ESCOBAR-ANJHYDALID-VIVIANA.pdf\" target=\"_blank\" rel=\"noopener noreferrer\">&#8211; R\u00faales Escobar Anjhydalid Viviana <\/a><\/li>\n<li><a href=\"https:\/\/cortesuprema.gov.co\/corte\/wp-content\/uploads\/2023\/05\/SALAZAR-JIM\u00c9NEZ-CARLOS-ANDR\u00c9S.pdf\" target=\"_blank\" rel=\"noopener noreferrer\">&#8211; Salazar Jim\u00e9nez Carlos Andr\u00e9s <\/a><\/li>\n<li><a href=\"https:\/\/cortesuprema.gov.co\/corte\/wp-content\/uploads\/2023\/05\/SALAZAR-PINEDA-JUAN-GUILLERMO-.pdf\" target=\"_blank\" rel=\"noopener noreferrer\">&#8211; Salazar Pineda Juan Guillermo <\/a><\/li>\n<li><a href=\"https:\/\/cortesuprema.gov.co\/corte\/wp-content\/uploads\/2023\/05\/SIERRA-CARDOZO-EDGARD.pdf\" target=\"_blank\" rel=\"noopener noreferrer\">&#8211; Sierra Cardozo Edgard <\/a><\/li>\n<li><a href=\"https:\/\/cortesuprema.gov.co\/corte\/wp-content\/uploads\/2023\/05\/SIERRA-PORTO-HERNANDO-DAR\u00cdO.pdf\" target=\"_blank\" rel=\"noopener noreferrer\">&#8211; Sierra Porto Hernando Dar\u00edo <\/a><\/li>\n<li><a href=\"https:\/\/cortesuprema.gov.co\/corte\/wp-content\/uploads\/2023\/05\/SILGADO-BETANCOURT-CARLOS-ENRIQUE.pdf\" target=\"_blank\" rel=\"noopener noreferrer\">&#8211; Silgado Betancourt Carlos Enrique <\/a><\/li>\n<li><a href=\"https:\/\/cortesuprema.gov.co\/corte\/wp-content\/uploads\/2023\/05\/SILVA-ROJAS-OSCAR-MANUEL.pdf\" target=\"_blank\" rel=\"noopener noreferrer\">&#8211; Silva Rojas \u00d3scar Manuel <\/a><\/li>\n<li><a href=\"https:\/\/cortesuprema.gov.co\/corte\/wp-content\/uploads\/2023\/05\/SOTOMAYOR-URIBE-OSCAR-AUGUSTO.pdf\" target=\"_blank\" rel=\"noopener noreferrer\">&#8211; Sotomayor Uribe \u00d3scar Augusto <\/a><\/li>\n<li><a href=\"https:\/\/cortesuprema.gov.co\/corte\/wp-content\/uploads\/2023\/05\/TORRES-GARC\u00cdA-DIANA-CAROLINA.pdf\" target=\"_blank\" rel=\"noopener noreferrer\">&#8211; Torres Garc\u00eda Diana Carolina <\/a><\/li>\n<li><a href=\"https:\/\/cortesuprema.gov.co\/corte\/wp-content\/uploads\/2023\/05\/TOVAR-GARCES-RODRIGO.pdf\" target=\"_blank\" rel=\"noopener noreferrer\">&#8211; Tovar Garc\u00e9s Rodrigo <\/a><\/li>\n<li><a href=\"https:\/\/cortesuprema.gov.co\/corte\/wp-content\/uploads\/2023\/05\/TRIVI\u00d1O-CASTA\u00d1EDA-SUSANA-MARCIANA.pdf\" target=\"_blank\" rel=\"noopener noreferrer\">&#8211; Trivi\u00f1o Casta\u00f1eda Susana Marciana <\/a><\/li>\n<li><a href=\"https:\/\/cortesuprema.gov.co\/corte\/wp-content\/uploads\/2023\/05\/V\u00c1SQUEZ-SARMIENTO-TERRY-LEANDRO.pdf\" target=\"_blank\" rel=\"noopener noreferrer\">&#8211; V\u00e1squez Sarmiento Terry Leandro <\/a><\/li>\n<li><a href=\"https:\/\/cortesuprema.gov.co\/corte\/wp-content\/uploads\/2023\/05\/VENENCIA-VALENCIA-CAROLINA.pdf\" target=\"_blank\" rel=\"noopener noreferrer\">&#8211; Venencia Valencia Carolina <\/a><\/li>\n<li><a href=\"https:\/\/cortesuprema.gov.co\/corte\/wp-content\/uploads\/2023\/05\/VILAR-RUBIANO-FABI\u00c1N-ENRIQUE.pdf\" target=\"_blank\" rel=\"noopener noreferrer\">&#8211; Vilar Rubiano Fabi\u00e1n Enrique <\/a><\/li>\n<li><a href=\"https:\/\/cortesuprema.gov.co\/corte\/wp-content\/uploads\/2023\/05\/VILLALBA-ARTUNDUAGA-JUAN-CARLOS.pdf\" target=\"_blank\" rel=\"noopener noreferrer\">&#8211; Villalba Artunduaga Juan Carlos <\/a><\/li>\n<li><a href=\"https:\/\/cortesuprema.gov.co\/corte\/wp-content\/uploads\/2023\/05\/VILLAMIL-QUIROZ-JOS\u00c9-DE-JES\u00daS.pdf\" target=\"_blank\" rel=\"noopener noreferrer\">&#8211; Villamil Quiroz Jos\u00e9 de Jes\u00fas <\/a><\/li>\n<li><a href=\"https:\/\/cortesuprema.gov.co\/corte\/wp-content\/uploads\/2023\/05\/VIVAS-LLOREDA-WILLIAM-YEFFER.pdf\" target=\"_blank\" rel=\"noopener noreferrer\">&#8211; Vivas Lloreda William Yeffer <\/a><\/li>\n<\/ol>\n<\/div>\n[\/vc_column_text][\/vc_column][\/vc_row]\n","protected":false},"excerpt":{"rendered":"<p>[vc_row][vc_column][vc_single_image image=\u00bb58089&#8243; img_size=\u00bbfull\u00bb][\/vc_column][\/vc_row][vc_row][vc_column width=\u00bb1\/4&#8243;][vc_column_text] [\/vc_column_text][\/vc_column][vc_column width=\u00bb3\/4&#8243;][vc_column_text] &#8211; Acosta Maestre Roberto Carlos &#8211; Acu\u00f1a Merch\u00e1n Juliet Carolina &#8211; Acu\u00f1a Noguera Liliana Mar\u00eda &#8211; Alba Grimaldos Javier Alfonso &#8211; Amado Gaona Magda Milena &#8211; Amorocho Moreno Henry &#8211; Andrade P\u00e9rez Fredy William &#8211; Aristiz\u00e1bal Zuluaga Leonardo de Jes\u00fas &#8211; Bar\u00f3n Duran Mar\u00eda Anayme &#8211; Beltr\u00e1n Pardo Enrique &hellip; <a href=\"https:\/\/cortesuprema.gov.co\/corte\/index.php\/convocatoria-auditorgeneral-2023-listadoinscritos\/\" class=\"more-link\">Continuar leyendo<span class=\"screen-reader-text\"> \u00abconvocatoria auditor general 2023 listado inscritos\u00bb<\/span><\/a><\/p>\n","protected":false},"author":3,"featured_media":0,"parent":0,"menu_order":0,"comment_status":"closed","ping_status":"closed","template":"","meta":{"footnotes":""},"class_list":["post-57821","page","type-page","status-publish","hentry"],"_links":{"self":[{"href":"https:\/\/cortesuprema.gov.co\/corte\/index.php\/wp-json\/wp\/v2\/pages\/57821","targetHints":{"allow":["GET"]}}],"collection":[{"href":"https:\/\/cortesuprema.gov.co\/corte\/index.php\/wp-json\/wp\/v2\/pages"}],"about":[{"href":"https:\/\/cortesuprema.gov.co\/corte\/index.php\/wp-json\/wp\/v2\/types\/page"}],"author":[{"embeddable":true,"href":"https:\/\/cortesuprema.gov.co\/corte\/index.php\/wp-json\/wp\/v2\/users\/3"}],"replies":[{"embeddable":true,"href":"https:\/\/cortesuprema.gov.co\/corte\/index.php\/wp-json\/wp\/v2\/comments?post=57821"}],"version-history":[{"count":11,"href":"https:\/\/cortesuprema.gov.co\/corte\/index.php\/wp-json\/wp\/v2\/pages\/57821\/revisions"}],"predecessor-version":[{"id":58747,"href":"https:\/\/cortesuprema.gov.co\/corte\/index.php\/wp-json\/wp\/v2\/pages\/57821\/revisions\/58747"}],"wp:attachment":[{"href":"https:\/\/cortesuprema.gov.co\/corte\/index.php\/wp-json\/wp\/v2\/media?parent=57821"}],"curies":[{"name":"wp","href":"https:\/\/api.w.org\/{rel}","templated":true}]}}