{"id":5790,"date":"2015-08-09T21:33:37","date_gmt":"2015-08-09T21:33:37","guid":{"rendered":"https:\/\/cortesuprema.gov.co\/corte\/?page_id=5790"},"modified":"2023-10-10T17:13:40","modified_gmt":"2023-10-10T22:13:40","slug":"informacion-de-interes","status":"publish","type":"page","link":"https:\/\/cortesuprema.gov.co\/corte\/index.php\/informacion-de-interes\/","title":{"rendered":"Circulares e informaci\u00f3n de Inter\u00e9s"},"content":{"rendered":"<p style=\"text-align: left;\"><div class=\"su-tabs su-tabs-style-default su-tabs-mobile-stack\" data-active=\"1\" data-scroll-offset=\"0\" data-anchor-in-url=\"no\"><div class=\"su-tabs-nav\"><span class=\"\" data-url=\"\" data-target=\"blank\" tabindex=\"0\" role=\"button\">Circulares<\/span><span class=\"\" data-url=\"\" data-target=\"blank\" tabindex=\"0\" role=\"button\">Informaci\u00f3n de inter\u00e9s<\/span><span class=\"\" data-url=\"\" data-target=\"blank\" tabindex=\"0\" role=\"button\">Oferta acad\u00e9mica<\/span><span class=\"\" data-url=\"\" data-target=\"blank\" tabindex=\"0\" role=\"button\">Acuerdos<\/span><span class=\"\" data-url=\"\" data-target=\"blank\" tabindex=\"0\" role=\"button\">Descargas<\/span><span class=\"\" data-url=\"\" data-target=\"blank\" tabindex=\"0\" role=\"button\">Formatos de permisos<\/span><\/div><div class=\"su-tabs-panes\"><div class=\"su-tabs-pane su-u-clearfix su-u-trim\" data-title=\"Circulares\">\n[spiderpowa-pdf src=\u00bbhttps:\/\/www.cortesuprema.gov.co\/corte\/wp-content\/uploads\/secgen\/docu\/CIRCULAR N 001 DE 2023.pdf\u00bb]\n<a href=\"https:\/\/cortesuprema.gov.co\/corte\/wp-content\/uploads\/secgen\/docu\/CIRCULAR N 001 DE 2023.pdf\" target=\"_blank\" rel=\"noopener noreferrer\">Descargue aqu\u00ed Circular No. 001 de 2023<\/a><\/p>\n<hr \/>\n<p>&nbsp;<\/p>\n<hr \/>\n<p><a href=\"https:\/\/cortesuprema.gov.co\/corte\/wp-content\/uploads\/secgen\/docu\/CIRCULAR No 007 DE 2022.pdf\" target=\"_blank\" rel=\"noopener noreferrer\">Circular No. 007 de 2022<\/a><br \/>\n<a href=\"https:\/\/cortesuprema.gov.co\/corte\/wp-content\/uploads\/secgen\/docu\/CIRCULAR No 006 DE 2022.pdf\" target=\"_blank\" rel=\"noopener noreferrer\">Circular No. 006 de 2022<\/a><\/p>\n<hr \/>\n<p><a href=\"https:\/\/cortesuprema.gov.co\/corte\/wp-content\/uploads\/secgen\/docu\/CIRCULAR N09 DE 2021.pdf\" target=\"_blank\" rel=\"noopener noreferrer\">Circular No. 009 de 2021<\/a><br \/>\n<a href=\"https:\/\/cortesuprema.gov.co\/corte\/wp-content\/uploads\/secgen\/docu\/CIRCULAR N07 DE 2021.pdf\" target=\"_blank\" rel=\"noopener noreferrer\">Circular No. 007 de 2021<\/a><br \/>\n<a href=\"https:\/\/cortesuprema.gov.co\/corte\/wp-content\/uploads\/secgen\/docu\/CIRCULAR N04 DE 2021.pdf\" target=\"_blank\" rel=\"noopener noreferrer\">Circular No. 004 de 2021<\/a><br \/>\n<a href=\"https:\/\/cortesuprema.gov.co\/corte\/wp-content\/uploads\/secgen\/docu\/circular002de2021.pdf\" target=\"_blank\" rel=\"noopener noreferrer\">Circular No. 002 de 2021<\/a><\/p>\n<hr \/>\n<p><a href=\"https:\/\/cortesuprema.gov.co\/corte\/wp-content\/uploads\/secgen\/docu\/CIRCULAR N12-2020.pdf\" target=\"_blank\" rel=\"noopener noreferrer\">Circular No. 012 de 2020<\/a><br \/>\n<a href=\"https:\/\/cortesuprema.gov.co\/corte\/wp-content\/uploads\/secgen\/docu\/CIRCULAR 011- CONDECORACI\u00d3N JOS\u00c9 IGNACIO DE M\u00c1RQUEZ.pdf\" target=\"_blank\" rel=\"noopener noreferrer\">Circular No. 011 de 2020<\/a><br \/>\n<a href=\"https:\/\/cortesuprema.gov.co\/corte\/wp-content\/uploads\/secgen\/docu\/CIRCULAR 010-2020.pdf\" target=\"_blank\" rel=\"noopener noreferrer\">Circular No. 010 de 2020<\/a><br \/>\n<a href=\"https:\/\/cortesuprema.gov.co\/corte\/wp-content\/uploads\/secgen\/docu\/Circular N 009 - 2020.pdf\" target=\"_blank\" rel=\"noopener noreferrer\">Circular No. 009 de 2020<\/a><br \/>\n<a href=\"https:\/\/cortesuprema.gov.co\/corte\/wp-content\/uploads\/secgen\/docu\/CIRCULAR N 008-2020.pdf\" target=\"_blank\" rel=\"noopener noreferrer\">Circular No. 008 de 2020<\/a><br \/>\n<a href=\"https:\/\/cortesuprema.gov.co\/corte\/wp-content\/uploads\/secgen\/docu\/CIRCULAR 006- CORREOS ELECTR\u00d3NICOS PRESIDENCIA DE CORPORACI\u00d3N.pdf\" target=\"_blank\" rel=\"noopener noreferrer\">Circular No. 006 de 2020<\/a><br \/>\n<a href=\"https:\/\/cortesuprema.gov.co\/corte\/wp-content\/uploads\/secgen\/docu\/Circular 005-2020. REINTEGRO A LAS INSTALACIONES.pdf\" target=\"_blank\" rel=\"noopener noreferrer\">Circular No. 005 de 2020<\/a><br \/>\n<a href=\"https:\/\/cortesuprema.gov.co\/corte\/wp-content\/uploads\/secgen\/docu\/CIRCULAR 004- 2020.pdf\" target=\"_blank\" rel=\"noopener noreferrer\">Circular No. 004 de 2020<\/a><br \/>\n<a href=\"https:\/\/cortesuprema.gov.co\/corte\/wp-content\/uploads\/secgen\/docu\/CIRCULAR 003-2020 COMISIONES DE SERVICIOS.pdf\" target=\"_blank\" rel=\"noopener noreferrer\">Circular No. 003 de 2020<\/a><br \/>\n<a href=\"https:\/\/cortesuprema.gov.co\/corte\/wp-content\/uploads\/secgen\/docu\/CIRCULAR 002-2020.pdf\" target=\"_blank\" rel=\"noopener noreferrer\">Circular No. 002 de 2020<\/a><br \/>\n<a href=\"https:\/\/cortesuprema.gov.co\/corte\/wp-content\/uploads\/secgen\/docu\/CIRCULAR 001-2020.pdf\" target=\"_blank\" rel=\"noopener noreferrer\">Circular No. 001 de 2020<\/a><\/p>\n<hr \/>\n[spiderpowa-pdf src=\u00bbhttps:\/\/cortesuprema.gov.co\/corte\/wp-content\/uploads\/secgen\/docu\/CIRCULAR012020FORMATODECLARACION.pdf\u00bb]\n<p>Descargue <a href=\"https:\/\/cortesuprema.gov.co\/corte\/wp-content\/uploads\/secgen\/docu\/FAGH03declaracionjuramentadadebienes.xls\" target=\"_blank\" rel=\"noopener noreferrer\">aqu\u00ed<\/a> el formato de declaraci\u00f3n en formato xls<\/p>\n<hr \/>\n<p><a href=\"https:\/\/cortesuprema.gov.co\/corte\/wp-content\/uploads\/secgen\/docu\/Circular 014 de 2017.pdf\" target=\"_blank\" rel=\"noopener noreferrer\">Circular No. 07 de 6 de diciembre de 2018<\/a><\/p>\n<hr \/>\n<p><a href=\"https:\/\/cortesuprema.gov.co\/corte\/wp-content\/uploads\/secgen\/docu\/Circular 014 de 2017.pdf\" target=\"_blank\" rel=\"noopener noreferrer\">Circular No. 014 de 12 de diciembre de 2017<\/a><\/p>\n<p><a href=\"https:\/\/cortesuprema.gov.co\/corte\/wp-content\/uploads\/secgen\/docu\/Circular 008 de 2017.pdf\" target=\"_blank\" rel=\"noopener noreferrer\">Circular No. 008 de 11 de septiembre de 2017<\/a><\/p>\n<p><a href=\"https:\/\/cortesuprema.gov.co\/corte\/wp-content\/uploads\/secgen\/docu\/CIRCULAR 007-2017.pdf\" target=\"_blank\" rel=\"noopener noreferrer\">Circular No. 007 de 12 de septiembre de 2017<\/a><\/p>\n<p><a href=\"https:\/\/cortesuprema.gov.co\/corte\/wp-content\/uploads\/not\/plena17\/circular 06 de septiembre.pdf\" target=\"_blank\" rel=\"noopener noreferrer\">Circular No. 006 de 04 de septiembre de 2017<\/a><\/p>\n<p><a href=\"https:\/\/cortesuprema.gov.co\/corte\/wp-content\/uploads\/secgen\/docu\/Circular 005_opt.pdf\" target=\"_blank\" rel=\"noopener noreferrer\">Circular 005 de 2017 Informaci\u00f3n realizaci\u00f3n ex\u00e1menes m\u00e9dicos ocupacionales peri\u00f3dicos \u00a0<\/a><\/p>\n<p><a href=\"https:\/\/cortesuprema.gov.co\/corte\/wp-content\/uploads\/secgen\/docu\/Circular 004.pdf\" target=\"_blank\" rel=\"noopener noreferrer\">Circular 004 de 2017 Asuntos administrativos de la Sala de Gobierno\u00a0<\/a><\/p>\n<p><a href=\"https:\/\/cortesuprema.gov.co\/corte\/wp-content\/uploads\/secgen\/docu\/Circular%20No 003.pdf\" target=\"_blank\" rel=\"noopener noreferrer\">Circular 003 de 2017 Comisi\u00f3n de servicios<\/a><\/p>\n<p><a href=\"https:\/\/cortesuprema.gov.co\/corte\/wp-content\/uploads\/secgen\/docu\/Circular No. 0022017.pdf\" target=\"_blank\" rel=\"noopener noreferrer\">Circular 002 de 2017 Convocatoria \u00abDi\u00e1logo Jurisprudencial de la Sala Civil\u00bb\u00a0<\/a><\/p>\n<p><a href=\"https:\/\/cortesuprema.gov.co\/corte\/wp-content\/uploads\/secgen\/docu\/OSG 0004 CIRCULAR 001 DE 2017.pdf\" target=\"_blank\" rel=\"noopener noreferrer\">Circular 001 de 2017 Programaci\u00f3n de Salas Plenas y de Gobierno<\/a><\/p>\n<p><a href=\"https:\/\/cortesuprema.gov.co\/corte\/wp-content\/uploads\/secgen\/docu\/CIRCULAR N 008 ASUNTO INSUMOS DE IMPRESION.pdf\" target=\"_blank\" rel=\"noopener noreferrer\">Circular n\u00ba. 008 Asunto: Insumos de impresi\u00f3n<\/a><\/p>\n<p><a href=\"https:\/\/cortesuprema.gov.co\/corte\/wp-content\/uploads\/secgen\/docu\/CircularNo0012016.pdf\" target=\"_blank\" rel=\"noopener noreferrer\">Circular n\u00ba. 012 de 2016 Formato de declaraci\u00f3n de bienes y rentas<\/a><\/p>\n<p><a href=\"https:\/\/cortesuprema.gov.co\/corte\/wp-content\/uploads\/secgen\/docu\/formato declaracion de bienes y rentas.pdf\">Descargue aqu\u00ed el Formato de declaraci\u00f3n de bienes y rentas<\/a><\/p>\n<hr \/>\n<p><a href=\"https:\/\/cortesuprema.gov.co\/corte\/wp-content\/uploads\/2015\/08\/CircularN007.pdf\" target=\"_blank\" rel=\"noopener noreferrer\">Circular N\u00ba 07 de 2014, Compensaci\u00f3n de vacaciones<\/a><\/p>\n<p><a href=\"https:\/\/cortesuprema.gov.co\/corte\/wp-content\/uploads\/2015\/08\/Circular-N-006postulaciones.pdf\" target=\"_blank\" rel=\"noopener noreferrer\">Circular N\u00ba 6 de 2014, ampl\u00eda plazo para postulaciones para condecoraci\u00f3n \u00a0<\/a><\/p>\n<p><a href=\"https:\/\/cortesuprema.gov.co\/corte\/wp-content\/uploads\/2015\/08\/Circular-N-005-2014.pdf\" target=\"_blank\" rel=\"noopener noreferrer\">Circular N\u00ba 05 de 2014, Postulaciones para condecoraci\u00f3n \u00abJOS\u00c9 IGNACIO DE M\u00c1RQUEZ\u00bb\u00a0<\/a><\/p>\n<p><a href=\"https:\/\/cortesuprema.gov.co\/corte\/wp-content\/uploads\/2015\/08\/Circular-N-004-2014.pdf\" target=\"_blank\" rel=\"noopener noreferrer\">Circular N\u00ba 04 de 2014, Recepci\u00f3n de comunicaciones en la Secretar\u00eda General<\/a><\/p>\n<p><a href=\"https:\/\/cortesuprema.gov.co\/corte\/wp-content\/uploads\/2015\/08\/Circular-N-003-2014compensaciones.pdf\" target=\"_blank\" rel=\"noopener noreferrer\">Circular N\u00ba 03 de 2014, Compensaci\u00f3n de vacaciones<\/a><\/p>\n<\/div>\n<div class=\"su-tabs-pane su-u-clearfix su-u-trim\" data-title=\"Informaci\u00f3n de inter\u00e9s\">\nNo olvide revisar en Circulares el formato de declaraci\u00f3n de bienes y rentas<br \/>\n[spiderpowa-pdf src=\u00bbhttps:\/\/cortesuprema.gov.co\/corte\/wp-content\/uploads\/secgen\/Informe22102015.pdf\u00bb]\n<\/div>\n<div class=\"su-tabs-pane su-u-clearfix su-u-trim\" data-title=\"Oferta acad\u00e9mica\">\n<p class=\"size-big\"><strong><mark class=\"marker color-gray\">Oferta Actividades de formaci\u00f3n on-line Jueces Iberoamericanos<\/mark><\/strong><\/p>\n<p>El Consejo General del Poder Judicial de Espa\u00f1a Ofrece plazas para integrantes de los Poderes Judiciales de Iberoam\u00e9rica en actividades de formaci\u00f3n on-line organizadas por el Servicio de Formaci\u00f3n Continua de la Escuela Judicial del Consejo General del Poder Judicial. La totalidad de los cursos ser\u00e1 on-line y se ofrecen las siguientes actividades:<\/p>\n<p>* Econom\u00eda y Contabilidad I (nibel b\u00e1sico)<br \/>\n* Cooperaci\u00f3n Judicial penal en Europa<br \/>\n* OIT y Normas Internacionales de Trabajo<br \/>\n* Cuestiones actuales de propiedad Intelectual<br \/>\n* El\/La Juez\/ a en el espacio Judicial europeo civil y mercantil<br \/>\n* Curso de ciberseguridad y ciberdelitos (en colaboraci\u00f3n con INCIBE)<br \/>\n* Estatuto de la v\u00edctima<br \/>\n* responsabilidades del juez y del CGPJ en materia de protecci\u00f3n de datos.<br \/>\n* Derecho de la competencia<br \/>\n* derecho de la Uni\u00f3n Europea<br \/>\n* Introducci\u00f3n al Derecho contencioso-Administrativo<br \/>\n* Derecho del trabajo y de la Seguridad Social avanzado<br \/>\n* introducci\u00f3n al Derecho del trabajo y de la Seguridad Social<br \/>\n* Derecho Migratorio y Extranjer\u00eda<\/p>\n<p>Descargue aqu\u00ed la<a href=\"https:\/\/cortesuprema.gov.co\/corte\/?attachment_id=9039\"> \u00abOferta Actividades de formaci\u00f3n on-line Jueces Iberoamericanos\u00bb<\/a><\/p>\n<div class=\"su-divider su-divider-style-default\" style=\"margin:15px 0;border-width:3px;border-color:#999999\"><a href=\"#\" style=\"color:#999999\">Ir arriba<\/a><\/div>\n<p>&nbsp;<\/p>\n[spiderpowa-pdf src=\u00bbhttps:\/\/cortesuprema.gov.co\/corte\/wp-content\/uploads\/secgen\/oferacad\/Ficha de Inscripcion para III Seminario de Pensamiento Iberoamericano.pdf\u00bb]\n<p>Descargue aqu\u00ed la <a href=\"https:\/\/cortesuprema.gov.co\/corte\/wp-content\/uploads\/secgen\/oferacad\/Ficha de Inscripcion para III Seminario de Pensamiento Iberoamericano.pdf\" target=\"_blank\" rel=\"noopener noreferrer\">ficha de inscripci\u00f3n para el III Seminario de Pensamiento Iberoamericano<\/a><\/p>\n<div class=\"su-divider su-divider-style-default\" style=\"margin:15px 0;border-width:3px;border-color:#999999\"><a href=\"#\" style=\"color:#999999\">Ir arriba<\/a><\/div>\n[spiderpowa-pdf src=\u00bbhttps:\/\/cortesuprema.gov.co\/corte\/wp-content\/uploads\/secgen\/oferacad\/Programa del III Seminario de Pensamiento Ibero-Americano sobre la Justicia Internacional.pdf\u00bb]\n<p>Descargue aqu\u00ed el<a href=\"https:\/\/cortesuprema.gov.co\/corte\/wp-content\/uploads\/secgen\/oferacad\/Programa del III Seminario de Pensamiento Ibero-Americano sobre la Justicia Internacional.pdf\" target=\"_blank\" rel=\"noopener noreferrer\"> Programa del III Seminario de Pensamiento Iberoamericano \u00a0<\/a><\/p>\n<div class=\"su-divider su-divider-style-default\" style=\"margin:15px 0;border-width:3px;border-color:#999999\"><a href=\"#\" style=\"color:#999999\">Ir arriba<\/a><\/div>\n<div class=\"su-list\" style=\"margin-left:0px\">\n<p>Ofertas acad\u00e9micas del a\u00f1o 2015<\/p>\n<ul>\n<li><i class=\"sui sui-file-pdf-o\" style=\"color:#f9f750\"><\/i> <a href=\"https:\/\/cortesuprema.gov.co\/corte\/wp-content\/uploads\/secgen\/ofertaacademica18112015.pdf\" target=\"_blank\" rel=\"noopener noreferrer\">Noviembre de 2015<\/a><\/li>\n<\/ul>\n<\/div>\n<\/div>\n<div class=\"su-tabs-pane su-u-clearfix su-u-trim\" data-title=\"Acuerdos\">\n<p><a href=\"https:\/\/cortesuprema.gov.co\/corte\/wp-content\/uploads\/secgen\/docu\/Acuerdo%20PCSJA18-10999 Trato digno.pdf\" target=\"_blank\" rel=\"noopener noreferrer\">Acuerdo\u00a0PCSJA18-10999<\/a><a href=\"https:\/\/cortesuprema.gov.co\/corte\/wp-content\/uploads\/secgen\/docu\/Acuerdo PCSJA18-10999 Trato digno.pdf\" target=\"_blank\" rel=\"noopener noreferrer\">\u00a0del 24 de mayo de 2018<\/a>, \u00abPor el cual se modifica el Acuerdo PSAA14-10231 y se actualiza la Carta de Trato Digno en los despachos judiciales para los usuarios de la administraci\u00f3n de justicia\u00bb <a href=\"https:\/\/cortesuprema.gov.co\/corte\/wp-content\/uploads\/secgen\/docu\/Carta del Trato Digno.pdf\" target=\"_blank\" rel=\"noopener noreferrer\">Ver texto de Carta de trato digno a los usuarios<\/a><\/p>\n<p>&nbsp;<\/p>\n<p><a href=\"https:\/\/cortesuprema.gov.co\/corte\/wp-content\/uploads\/2015\/08\/Acuerdo10231-2014trato-digno.pdf\" target=\"_blank\" rel=\"noopener noreferrer\">Acuerdo PSAA14-10231, \u00ab<\/a>Por el cual se adopta la carta de trato digno al usuario de los despachos judiciales de la Rama Judicial\u00bb<\/p>\n<p>&nbsp;<\/p>\n<\/div>\n<div class=\"su-tabs-pane su-u-clearfix su-u-trim\" data-title=\"Descargas\">\n<p><a href=\"https:\/\/cortesuprema.gov.co\/corte\/wp-content\/uploads\/secgen\/docu\/REGISTROEJERCICIODOCENCIAOINVESTIGACION.docx\">Formato de registro de servidores judiciales que ejerce la docencia o actividades de investigaci\u00f3n<\/a><\/p>\n<p><a href=\"https:\/\/cortesuprema.gov.co\/corte\/index.php\/reglamento-general-de-la-corporacion\/\" target=\"_blank\" rel=\"noopener noreferrer\">Reglamento General de la Corporaci\u00f3n\u00a0<\/a>&#8211; Incluye modificaci\u00f3n del 24 de noviembre de 2017<\/p>\n<p class=\"entry-title\"><a href=\"https:\/\/cortesuprema.gov.co\/corte\/index.php\/2018\/08\/02\/sentencia-de-31-de-agosto-de-2018-corte-interamericana-de-derechos-humanos\/\" target=\"_blank\" rel=\"noopener noreferrer\">Sentencia de 31 de agosto de 2017 Corte Interamericana de Derechos Humanos<\/a> &#8211; <a href=\"https:\/\/cortesuprema.gov.co\/corte\/wp-content\/uploads\/not\/plena18\/sentCIDH31082018.pdf\" target=\"_blank\" rel=\"noopener noreferrer\">Descargar<\/a><\/p>\n<p><a href=\"https:\/\/cortesuprema.gov.co\/corte\/wp-content\/uploads\/2015\/08\/Comunicado04-14numeracion.pdf\" target=\"_blank\" rel=\"noopener noreferrer\">Comunicado 04 de 2014, N\u00famero \u00fanico de providencias<\/a><\/p>\n<p><a href=\"https:\/\/cortesuprema.gov.co\/corte\/wp-content\/uploads\/2015\/08\/Decreto-2943-2013riesgos-laborales.pdf\" target=\"_blank\" rel=\"noopener noreferrer\">Decreto 2943 de 2013, Riesgos laborales<\/a><\/div>\n<div class=\"su-tabs-pane su-u-clearfix su-u-trim\" data-title=\"Formatos de permisos\">\n<p><a href=\"https:\/\/cortesuprema.gov.co\/corte\/wp-content\/uploads\/secgen\/docu\/CIRCULARN0012019.pdf\" target=\"_blank\" rel=\"noopener noreferrer\">Circular No. 01 de 27 de junio de 2019<\/a><\/p>\n<p>Anexos:<\/p>\n<p><a href=\"https:\/\/cortesuprema.gov.co\/corte\/wp-content\/uploads\/secgen\/docu\/01FORMATO DE PERMISO PRESIDENTE.docx\" target=\"_blank\" rel=\"noopener noreferrer\">FORMATO DE PERMISO PRESIDENTE<\/a><br \/>\n<a href=\"https:\/\/cortesuprema.gov.co\/corte\/wp-content\/uploads\/secgen\/docu\/02FORMATO DE PERMISO MAGISTRADOS TITULARES.docx\" target=\"_blank\" rel=\"noopener noreferrer\">FORMATO DE PERMISO MAGISTRADOS TITULARES<\/a><br \/>\n<a href=\"https:\/\/cortesuprema.gov.co\/corte\/wp-content\/uploads\/secgen\/docu\/03FORMATO DE PERMISO SE\u00d1ORA SECRETARIA GENERAL.docx\" target=\"_blank\" rel=\"noopener noreferrer\">FORMATO DE PERMISO SE\u00d1ORA SECRETARIA GENERAL<\/a><br \/>\n<a href=\"https:\/\/cortesuprema.gov.co\/corte\/wp-content\/uploads\/secgen\/docu\/04FORMATO DE PERMISO PARA EMPLEADOS DE DESPACHOS (1).docx\" target=\"_blank\" rel=\"noopener noreferrer\">FORMATO DE PERMISO PARA EMPLEADOS DE DESPACHOS<\/a><br \/>\n<a href=\"https:\/\/cortesuprema.gov.co\/corte\/wp-content\/uploads\/secgen\/docu\/5PERMISO EMPLEADOS SALA CASACION CIVIL SECRETARIA.docx\" target=\"_blank\" rel=\"noopener noreferrer\">FORMATO DE PERMISO EMPLEADOS SALA CASACION CIVIL SECRETARIA<\/a><br \/>\n<a href=\"https:\/\/cortesuprema.gov.co\/corte\/wp-content\/uploads\/secgen\/docu\/06PERMISO EMPLEADOS SALA CASACION CIVIL RELATORIA.docx\" target=\"_blank\" rel=\"noopener noreferrer\">FORMATO DE PERMISO EMPLEADOS SALA CASACION CIVIL RELATORIA<\/a><br \/>\n<a href=\"https:\/\/cortesuprema.gov.co\/corte\/wp-content\/uploads\/secgen\/docu\/07FORMATO DE PERMISO EMPLEADOS SALA CASACION LABORAL SECRETARIA Y RELATORIA.docx\" target=\"_blank\" rel=\"noopener noreferrer\">FORMATO DE PERMISO EMPLEADOS SALA CASACION LABORAL SECRETARIA Y RELATORIA<\/a><br \/>\n<a href=\"https:\/\/cortesuprema.gov.co\/corte\/wp-content\/uploads\/secgen\/docu\/08FORMATO DE PERMISO EMPLEADOS SALA CASACION PENAL SECRETARIA Y RELATORIA.docx\" target=\"_blank\" rel=\"noopener noreferrer\">FORMATO DE PERMISO EMPLEADOS SALA CASACION PENAL SECRETARIA Y RELATORIA<\/a><br \/>\n<a href=\"https:\/\/cortesuprema.gov.co\/corte\/wp-content\/uploads\/secgen\/docu\/09FORMATO DE PERMISO DE PRESIDENCIA DE LAS SALAS ESPECIALIZADAS.docx\">FORMATO DE PERMISO DE PRESIDENCIA DE LAS SALAS ESPECIALIZADAS<\/a><br \/>\n<a href=\"https:\/\/cortesuprema.gov.co\/corte\/wp-content\/uploads\/secgen\/docu\/10FORMATO DE PERMISO EMPLEADOS SALA ESPECIAL DE INSTRUCCION.docx\" target=\"_blank\" rel=\"noopener noreferrer\">FORMATO DE PERMISO EMPLEADOS SALA ESPECIAL DE INSTRUCCI\u00d3N<\/a><br \/>\n<a href=\"https:\/\/cortesuprema.gov.co\/corte\/wp-content\/uploads\/secgen\/docu\/11FORMATO DE PERMISO EMPLEADOS SALA ESPECIAL DE PRIMERA INSTANCIA.docx\" target=\"_blank\" rel=\"noopener noreferrer\">FORMATO DE PERMISO EMPLEADOS SALA ESPECIAL DE PRIMERA INSTANCIA<\/a><br \/>\n<a href=\"https:\/\/cortesuprema.gov.co\/corte\/wp-content\/uploads\/secgen\/docu\/12FORMATO DE PERMISO POR DIA PARA EMPLEADOS DE SALA PLENA.docx\" target=\"_blank\" rel=\"noopener noreferrer\">FORMATO DE PERMISO POR DIA PARA EMPLEADOS DE SALA PLENA<\/a><br \/>\n<a href=\"https:\/\/cortesuprema.gov.co\/corte\/wp-content\/uploads\/secgen\/docu\/13FORMATO DE PERMISO POR HORAS SALA PLENA.docx\" target=\"_blank\" rel=\"noopener noreferrer\">FORMATO DE PERMISO POR HORAS SALA PLENA<\/a><br \/>\n<a href=\"https:\/\/cortesuprema.gov.co\/corte\/wp-content\/uploads\/secgen\/docu\/14FORMATO DE PERMISO PARA AD HONOREM.docx\" target=\"_blank\" rel=\"noopener noreferrer\">FORMATO DE PERMISO PARA AD HONOREM<\/a><\/p>\n<hr \/>\n<\/div><\/div><\/div>\n<p>&nbsp;<\/p>\n","protected":false},"excerpt":{"rendered":"<p>&nbsp;<\/p>\n","protected":false},"author":3,"featured_media":0,"parent":0,"menu_order":0,"comment_status":"closed","ping_status":"closed","template":"","meta":{"footnotes":""},"class_list":["post-5790","page","type-page","status-publish","hentry"],"_links":{"self":[{"href":"https:\/\/cortesuprema.gov.co\/corte\/index.php\/wp-json\/wp\/v2\/pages\/5790","targetHints":{"allow":["GET"]}}],"collection":[{"href":"https:\/\/cortesuprema.gov.co\/corte\/index.php\/wp-json\/wp\/v2\/pages"}],"about":[{"href":"https:\/\/cortesuprema.gov.co\/corte\/index.php\/wp-json\/wp\/v2\/types\/page"}],"author":[{"embeddable":true,"href":"https:\/\/cortesuprema.gov.co\/corte\/index.php\/wp-json\/wp\/v2\/users\/3"}],"replies":[{"embeddable":true,"href":"https:\/\/cortesuprema.gov.co\/corte\/index.php\/wp-json\/wp\/v2\/comments?post=5790"}],"version-history":[{"count":105,"href":"https:\/\/cortesuprema.gov.co\/corte\/index.php\/wp-json\/wp\/v2\/pages\/5790\/revisions"}],"predecessor-version":[{"id":62605,"href":"https:\/\/cortesuprema.gov.co\/corte\/index.php\/wp-json\/wp\/v2\/pages\/5790\/revisions\/62605"}],"wp:attachment":[{"href":"https:\/\/cortesuprema.gov.co\/corte\/index.php\/wp-json\/wp\/v2\/media?parent=5790"}],"curies":[{"name":"wp","href":"https:\/\/api.w.org\/{rel}","templated":true}]}}